{"id":35,"date":"2026-02-21T18:37:57","date_gmt":"2026-02-21T11:37:57","guid":{"rendered":"https:\/\/dotuvechinhhang.vn\/?post_type=product&#038;p=35"},"modified":"2026-02-23T09:17:55","modified_gmt":"2026-02-23T02:17:55","slug":"den-pin-tu-ve-910a","status":"publish","type":"product","link":"https:\/\/dotuvechinhhang.vn\/?product=den-pin-tu-ve-910a","title":{"rendered":"\u0110\u00e8n pin t\u1ef1 v\u1ec7 910A"},"content":{"rendered":"<h3 data-start=\"0\" data-end=\"42\">\ud83d\udccc Gi\u1edbi thi\u1ec7u <strong data-start=\"18\" data-end=\"40\">\u0111\u00e8n pin t\u1ef1 v\u1ec7 910A<\/strong><\/h3>\n<p data-start=\"43\" data-end=\"361\">\u0110\u00e8n pin 910A l\u00e0 <strong data-start=\"59\" data-end=\"133\">m\u1ed9t lo\u1ea1i \u0111\u00e8n pin t\u1ef1 v\u1ec7 t\u00edch h\u1ee3p ch\u1ee9c n\u0103ng ch\u00edch \u0111i\u1ec7n (stun flashlight)<\/strong> \u2014 ngh\u0129a l\u00e0 k\u1ebft h\u1ee3p c\u1ea3 <strong data-start=\"156\" data-end=\"204\">\u0111\u00e8n LED chi\u1ebfu s\u00e1ng v\u00e0 kh\u1ea3 n\u0103ng x\u1ea3 \u0111i\u1ec7n t\u1ef1 v\u1ec7<\/strong> khi c\u1ea7n thi\u1ebft. \u0110\u00e2y l\u00e0 lo\u1ea1i thi\u1ebft b\u1ecb \u0111\u01b0\u1ee3c thi\u1ebft k\u1ebf \u0111\u1ec3 gi\u00fap ng\u01b0\u1eddi d\u00f9ng b\u1ea3o v\u1ec7 b\u1ea3n th\u00e2n trong nh\u1eefng t\u00ecnh hu\u1ed1ng nguy hi\u1ec3m.<\/p>\n<hr data-start=\"363\" data-end=\"366\" \/>\n<h3 data-start=\"368\" data-end=\"408\">\ud83d\udd26 \u0110\u1eb7c \u0111i\u1ec3m n\u1ed5i b\u1eadt c\u1ee7a \u0111\u00e8n pin 910A<\/h3>\n<p data-start=\"410\" data-end=\"1364\">\u2714\ufe0f <strong data-start=\"413\" data-end=\"436\">Thi\u1ebft k\u1ebf 2-trong-1:<\/strong> V\u1eeba l\u00e0 \u0111\u00e8n pin LED chi\u1ebfu s\u00e1ng b\u00ecnh th\u01b0\u1eddng, v\u1eeba c\u00f3 th\u1ec3 ph\u00e1t ra xung \u0111i\u1ec7n t\u1ef1 v\u1ec7 m\u1ea1nh khi c\u1ea7n. <br data-start=\"566\" data-end=\"569\" \/>\u2714\ufe0f <strong data-start=\"572\" data-end=\"595\">C\u00f4ng su\u1ea5t \u0111i\u1ec7n cao:<\/strong> \u0110i\u1ec7n \u00e1p \u0111\u1ea7u ra c\u00f3 th\u1ec3 l\u00ean t\u1edbi <strong data-start=\"626\" data-end=\"668\">\u226510,000 kV ho\u1eb7c h\u01a1n (tu\u1ef3 lo\u1ea1i th\u1ef1c t\u1ebf)<\/strong> gi\u00fap t\u1ea1o xung \u0111i\u1ec7n kh\u00e1 m\u1ea1nh. <br data-start=\"735\" data-end=\"738\" \/>\u2714\ufe0f <strong data-start=\"741\" data-end=\"760\">Chi\u1ebfu s\u00e1ng LED:<\/strong> \u0110\u00e8n LED ph\u00e1t s\u00e1ng kho\u1ea3ng <strong data-start=\"786\" data-end=\"800\">~281 lumen<\/strong> (theo ki\u1ec3u \u0111\u00e8n pin tr\u00ean m\u1eabu th\u00f4ng tin), chi\u1ebfu xa kho\u1ea3ng <strong data-start=\"857\" data-end=\"867\">~200 m<\/strong> \u2014 \u0111\u1ee7 \u0111\u1ec3 soi s\u00e1ng trong t\u1ed1i. <br data-start=\"933\" data-end=\"936\" \/>\u2714\ufe0f <strong data-start=\"939\" data-end=\"960\">Pin s\u1ea1c t\u00edch h\u1ee3p:<\/strong> S\u1eed d\u1ee5ng <strong data-start=\"969\" data-end=\"995\">pin s\u1ea1c (th\u01b0\u1eddng 4.8 V)<\/strong>, s\u1ea1c b\u1eb1ng b\u1ed9 s\u1ea1c \u0111i k\u00e8m, ti\u1ec7n mang theo. <br data-start=\"1074\" data-end=\"1077\" \/>\u2714\ufe0f <strong data-start=\"1080\" data-end=\"1094\">Ch\u1ea5t li\u1ec7u:<\/strong> Ph\u1ea7n th\u00e2n th\u01b0\u1eddng l\u00e0m b\u1eb1ng <strong data-start=\"1121\" data-end=\"1144\">nh\u1ef1a\/nh\u00f4m ch\u1eafc ch\u1eafn<\/strong>, ch\u1ecbu va \u0111\u1eadp, t\u1ea1o c\u1ea3m gi\u00e1c b\u00e1m t\u1ed1t khi c\u1ea7m. <br data-start=\"1226\" data-end=\"1229\" \/>\u2714\ufe0f <strong data-start=\"1232\" data-end=\"1255\">K\u00edch th\u01b0\u1edbc g\u1ecdn nh\u1eb9:<\/strong> Chi\u1ec1u d\u00e0i kho\u1ea3ng <strong data-start=\"1273\" data-end=\"1284\">~168 mm<\/strong>, tr\u1ecdng l\u01b0\u1ee3ng nh\u1eb9, d\u1ec5 c\u1ea7m tay v\u00e0 nh\u00e9t t\u00fai.<\/p>\n<p data-start=\"1366\" data-end=\"1390\">\ud83d\udc49 <strong data-start=\"1369\" data-end=\"1388\">C\u00e1ch ho\u1ea1t \u0111\u1ed9ng:<\/strong><\/p>\n<ul data-start=\"1391\" data-end=\"1642\">\n<li data-start=\"1391\" data-end=\"1439\">\n<p data-start=\"1393\" data-end=\"1439\">B\u1eadt \u0111\u00e8n pin LED nh\u01b0 b\u00ecnh th\u01b0\u1eddng \u0111\u1ec3 soi s\u00e1ng.<\/p>\n<\/li>\n<li data-start=\"1440\" data-end=\"1642\">\n<p data-start=\"1442\" data-end=\"1642\">Khi c\u1ea7n t\u1ef1 v\u1ec7, chuy\u1ec3n c\u00f4ng t\u1eafc sang ch\u1ebf \u0111\u1ed9 x\u1ea3 \u0111i\u1ec7n, ti\u1ebfp x\u00fac hai \u0111i\u1ec7n c\u1ef1c \u1edf \u0111\u1ea7u \u0111\u00e8n \u0111\u1ec3 t\u1ea1o xung \u0111i\u1ec7n g\u00e2y cho\u00e1ng nh\u1eb9 \u0111\u1ed1i t\u01b0\u1ee3ng g\u00e2y h\u1ea1i (nh\u1eb1m t\u1ea1o c\u01a1 h\u1ed9i ch\u1ea1y tr\u1ed1n).<\/p>\n<\/li>\n<\/ul>\n<p data-start=\"1644\" data-end=\"1833\">\u26a0\ufe0f <strong data-start=\"1647\" data-end=\"1665\">L\u01b0u \u00fd an to\u00e0n:<\/strong> Thi\u1ebft b\u1ecb ch\u00edch \u0111i\u1ec7n ch\u1ec9 n\u00ean d\u00f9ng trong tr\u01b0\u1eddng h\u1ee3p t\u1ef1 v\u1ec7 ch\u00ednh \u0111\u00e1ng. Vi\u1ec7c s\u1eed d\u1ee5ng sai m\u1ee5c \u0111\u00edch, g\u00e2y s\u00e1t th\u01b0\u01a1ng ng\u01b0\u1eddi kh\u00e1c c\u00f3 th\u1ec3 vi ph\u1ea1m ph\u00e1p lu\u1eadt t\u1ea1i n\u01a1i b\u1ea1n c\u01b0 tr\u00fa.<\/p>\n","protected":false},"excerpt":{"rendered":"<p>\u2705 Mi\u1ec5n ship to\u00e0n qu\u1ed1c<br \/>\n\u2705 Nh\u1eadn h\u00e0ng ki\u1ec3m tra thanh to\u00e1n<br \/>\n\u2705B\u1ea3o h\u00e0nh 1 th\u00e1ng l\u1ed7i 1 \u0111\u1ed5i 1<\/p>\n","protected":false},"featured_media":36,"template":"","meta":[],"product_brand":[],"product_cat":[21,30],"product_tag":[],"class_list":{"0":"post-35","1":"product","2":"type-product","3":"status-publish","4":"has-post-thumbnail","6":"product_cat-chich-dien","7":"product_cat-den-pin-chich-dien","9":"first","10":"instock","11":"shipping-taxable","12":"purchasable","13":"product-type-simple"},"yoast_head":"<!-- This site is optimized with the Yoast SEO plugin v27.0 - https:\/\/yoast.com\/product\/yoast-seo-wordpress\/ -->\n<title>\u0110\u00e8n pin t\u1ef1 v\u1ec7 910A - Baton - Ch\u00edch \u0110i\u1ec7n - X\u1ecbt Cay ch\u00ednh h\u00e3ng<\/title>\n<meta name=\"description\" content=\"\u0110\u00e8n pin 910A l\u00e0 m\u1ed9t lo\u1ea1i \u0111\u00e8n pin t\u1ef1 v\u1ec7 t\u00edch h\u1ee3p ch\u1ee9c n\u0103ng ch\u00edch \u0111i\u1ec7n (stun flashlight) \u2014 ngh\u0129a l\u00e0 k\u1ebft h\u1ee3p c\u1ea3 \u0111\u00e8n LED chi\u1ebfu s\u00e1ng v\u00e0 kh\u1ea3 n\u0103ng x\u1ea3 \u0111i\u1ec7n t\u1ef1 v\u1ec7 khi c\u1ea7n thi\u1ebft. \u0110\u00e2y l\u00e0 lo\u1ea1i thi\u1ebft b\u1ecb \u0111\u01b0\u1ee3c thi\u1ebft k\u1ebf \u0111\u1ec3 gi\u00fap ng\u01b0\u1eddi d\u00f9ng b\u1ea3o v\u1ec7 b\u1ea3n th\u00e2n trong nh\u1eefng t\u00ecnh hu\u1ed1ng nguy hi\u1ec3m\" \/>\n<meta name=\"robots\" content=\"index, follow, max-snippet:-1, max-image-preview:large, max-video-preview:-1\" \/>\n<link rel=\"canonical\" href=\"https:\/\/dotuvechinhhang.vn\/?product=den-pin-tu-ve-910a\" \/>\n<meta property=\"og:locale\" content=\"vi_VN\" \/>\n<meta property=\"og:type\" content=\"article\" \/>\n<meta property=\"og:title\" content=\"\u0110\u00e8n pin t\u1ef1 v\u1ec7 910A - Baton - Ch\u00edch \u0110i\u1ec7n - X\u1ecbt Cay ch\u00ednh h\u00e3ng\" \/>\n<meta property=\"og:description\" content=\"\u0110\u00e8n pin 910A l\u00e0 m\u1ed9t lo\u1ea1i \u0111\u00e8n pin t\u1ef1 v\u1ec7 t\u00edch h\u1ee3p ch\u1ee9c n\u0103ng ch\u00edch \u0111i\u1ec7n (stun flashlight) \u2014 ngh\u0129a l\u00e0 k\u1ebft h\u1ee3p c\u1ea3 \u0111\u00e8n LED chi\u1ebfu s\u00e1ng v\u00e0 kh\u1ea3 n\u0103ng x\u1ea3 \u0111i\u1ec7n t\u1ef1 v\u1ec7 khi c\u1ea7n thi\u1ebft. \u0110\u00e2y l\u00e0 lo\u1ea1i thi\u1ebft b\u1ecb \u0111\u01b0\u1ee3c thi\u1ebft k\u1ebf \u0111\u1ec3 gi\u00fap ng\u01b0\u1eddi d\u00f9ng b\u1ea3o v\u1ec7 b\u1ea3n th\u00e2n trong nh\u1eefng t\u00ecnh hu\u1ed1ng nguy hi\u1ec3m\" \/>\n<meta property=\"og:url\" content=\"https:\/\/dotuvechinhhang.vn\/?product=den-pin-tu-ve-910a\" \/>\n<meta property=\"og:site_name\" content=\"Baton - Ch\u00edch \u0110i\u1ec7n - X\u1ecbt Cay ch\u00ednh h\u00e3ng\" \/>\n<meta property=\"article:modified_time\" content=\"2026-02-23T02:17:55+00:00\" \/>\n<meta property=\"og:image\" content=\"https:\/\/dotuvechinhhang.vn\/wp-content\/uploads\/2026\/02\/z6541163810230_751c06c0f469f0f5a21dda1b7865db31-scaled.jpg\" \/>\n\t<meta property=\"og:image:width\" content=\"2560\" \/>\n\t<meta property=\"og:image:height\" content=\"2560\" \/>\n\t<meta property=\"og:image:type\" content=\"image\/jpeg\" \/>\n<meta name=\"twitter:card\" content=\"summary_large_image\" \/>\n<meta name=\"twitter:label1\" content=\"\u01af\u1edbc t\u00ednh th\u1eddi gian \u0111\u1ecdc\" \/>\n\t<meta name=\"twitter:data1\" content=\"2 ph\u00fat\" \/>\n<script type=\"application\/ld+json\" class=\"yoast-schema-graph\">{\"@context\":\"https:\/\/schema.org\",\"@graph\":[{\"@type\":\"WebPage\",\"@id\":\"https:\/\/dotuvechinhhang.vn\/?product=den-pin-tu-ve-910a\",\"url\":\"https:\/\/dotuvechinhhang.vn\/?product=den-pin-tu-ve-910a\",\"name\":\"\u0110\u00e8n pin t\u1ef1 v\u1ec7 910A - Baton - Ch\u00edch \u0110i\u1ec7n - X\u1ecbt Cay ch\u00ednh h\u00e3ng\",\"isPartOf\":{\"@id\":\"https:\/\/dotuvechinhhang.vn\/#website\"},\"primaryImageOfPage\":{\"@id\":\"https:\/\/dotuvechinhhang.vn\/?product=den-pin-tu-ve-910a#primaryimage\"},\"image\":{\"@id\":\"https:\/\/dotuvechinhhang.vn\/?product=den-pin-tu-ve-910a#primaryimage\"},\"thumbnailUrl\":\"https:\/\/dotuvechinhhang.vn\/wp-content\/uploads\/2026\/02\/z6541163810230_751c06c0f469f0f5a21dda1b7865db31-scaled.jpg\",\"datePublished\":\"2026-02-21T11:37:57+00:00\",\"dateModified\":\"2026-02-23T02:17:55+00:00\",\"description\":\"\u0110\u00e8n pin 910A l\u00e0 m\u1ed9t lo\u1ea1i \u0111\u00e8n pin t\u1ef1 v\u1ec7 t\u00edch h\u1ee3p ch\u1ee9c n\u0103ng ch\u00edch \u0111i\u1ec7n (stun flashlight) \u2014 ngh\u0129a l\u00e0 k\u1ebft h\u1ee3p c\u1ea3 \u0111\u00e8n LED chi\u1ebfu s\u00e1ng v\u00e0 kh\u1ea3 n\u0103ng x\u1ea3 \u0111i\u1ec7n t\u1ef1 v\u1ec7 khi c\u1ea7n thi\u1ebft. \u0110\u00e2y l\u00e0 lo\u1ea1i thi\u1ebft b\u1ecb \u0111\u01b0\u1ee3c thi\u1ebft k\u1ebf \u0111\u1ec3 gi\u00fap ng\u01b0\u1eddi d\u00f9ng b\u1ea3o v\u1ec7 b\u1ea3n th\u00e2n trong nh\u1eefng t\u00ecnh hu\u1ed1ng nguy hi\u1ec3m\",\"breadcrumb\":{\"@id\":\"https:\/\/dotuvechinhhang.vn\/?product=den-pin-tu-ve-910a#breadcrumb\"},\"inLanguage\":\"vi\",\"potentialAction\":[{\"@type\":\"ReadAction\",\"target\":[\"https:\/\/dotuvechinhhang.vn\/?product=den-pin-tu-ve-910a\"]}]},{\"@type\":\"ImageObject\",\"inLanguage\":\"vi\",\"@id\":\"https:\/\/dotuvechinhhang.vn\/?product=den-pin-tu-ve-910a#primaryimage\",\"url\":\"https:\/\/dotuvechinhhang.vn\/wp-content\/uploads\/2026\/02\/z6541163810230_751c06c0f469f0f5a21dda1b7865db31-scaled.jpg\",\"contentUrl\":\"https:\/\/dotuvechinhhang.vn\/wp-content\/uploads\/2026\/02\/z6541163810230_751c06c0f469f0f5a21dda1b7865db31-scaled.jpg\",\"width\":2560,\"height\":2560},{\"@type\":\"BreadcrumbList\",\"@id\":\"https:\/\/dotuvechinhhang.vn\/?product=den-pin-tu-ve-910a#breadcrumb\",\"itemListElement\":[{\"@type\":\"ListItem\",\"position\":1,\"name\":\"Trang ch\u1ee7\",\"item\":\"https:\/\/dotuvechinhhang.vn\/\"},{\"@type\":\"ListItem\",\"position\":2,\"name\":\"S\u1ea3n ph\u1ea9m\",\"item\":\"https:\/\/dotuvechinhhang.vn\/?post_type=product\"},{\"@type\":\"ListItem\",\"position\":3,\"name\":\"\u0110\u00e8n pin t\u1ef1 v\u1ec7 910A\"}]},{\"@type\":\"WebSite\",\"@id\":\"https:\/\/dotuvechinhhang.vn\/#website\",\"url\":\"https:\/\/dotuvechinhhang.vn\/\",\"name\":\"Baton - Ch\u00edch \u0110i\u1ec7n - X\u1ecbt Cay ch\u00ednh h\u00e3ng\",\"description\":\"\",\"potentialAction\":[{\"@type\":\"SearchAction\",\"target\":{\"@type\":\"EntryPoint\",\"urlTemplate\":\"https:\/\/dotuvechinhhang.vn\/?s={search_term_string}\"},\"query-input\":{\"@type\":\"PropertyValueSpecification\",\"valueRequired\":true,\"valueName\":\"search_term_string\"}}],\"inLanguage\":\"vi\"}]}<\/script>\n<!-- \/ Yoast SEO plugin. -->","yoast_head_json":{"title":"\u0110\u00e8n pin t\u1ef1 v\u1ec7 910A - Baton - Ch\u00edch \u0110i\u1ec7n - X\u1ecbt Cay ch\u00ednh h\u00e3ng","description":"\u0110\u00e8n pin 910A l\u00e0 m\u1ed9t lo\u1ea1i \u0111\u00e8n pin t\u1ef1 v\u1ec7 t\u00edch h\u1ee3p ch\u1ee9c n\u0103ng ch\u00edch \u0111i\u1ec7n (stun flashlight) \u2014 ngh\u0129a l\u00e0 k\u1ebft h\u1ee3p c\u1ea3 \u0111\u00e8n LED chi\u1ebfu s\u00e1ng v\u00e0 kh\u1ea3 n\u0103ng x\u1ea3 \u0111i\u1ec7n t\u1ef1 v\u1ec7 khi c\u1ea7n thi\u1ebft. \u0110\u00e2y l\u00e0 lo\u1ea1i thi\u1ebft b\u1ecb \u0111\u01b0\u1ee3c thi\u1ebft k\u1ebf \u0111\u1ec3 gi\u00fap ng\u01b0\u1eddi d\u00f9ng b\u1ea3o v\u1ec7 b\u1ea3n th\u00e2n trong nh\u1eefng t\u00ecnh hu\u1ed1ng nguy hi\u1ec3m","robots":{"index":"index","follow":"follow","max-snippet":"max-snippet:-1","max-image-preview":"max-image-preview:large","max-video-preview":"max-video-preview:-1"},"canonical":"https:\/\/dotuvechinhhang.vn\/?product=den-pin-tu-ve-910a","og_locale":"vi_VN","og_type":"article","og_title":"\u0110\u00e8n pin t\u1ef1 v\u1ec7 910A - Baton - Ch\u00edch \u0110i\u1ec7n - X\u1ecbt Cay ch\u00ednh h\u00e3ng","og_description":"\u0110\u00e8n pin 910A l\u00e0 m\u1ed9t lo\u1ea1i \u0111\u00e8n pin t\u1ef1 v\u1ec7 t\u00edch h\u1ee3p ch\u1ee9c n\u0103ng ch\u00edch \u0111i\u1ec7n (stun flashlight) \u2014 ngh\u0129a l\u00e0 k\u1ebft h\u1ee3p c\u1ea3 \u0111\u00e8n LED chi\u1ebfu s\u00e1ng v\u00e0 kh\u1ea3 n\u0103ng x\u1ea3 \u0111i\u1ec7n t\u1ef1 v\u1ec7 khi c\u1ea7n thi\u1ebft. \u0110\u00e2y l\u00e0 lo\u1ea1i thi\u1ebft b\u1ecb \u0111\u01b0\u1ee3c thi\u1ebft k\u1ebf \u0111\u1ec3 gi\u00fap ng\u01b0\u1eddi d\u00f9ng b\u1ea3o v\u1ec7 b\u1ea3n th\u00e2n trong nh\u1eefng t\u00ecnh hu\u1ed1ng nguy hi\u1ec3m","og_url":"https:\/\/dotuvechinhhang.vn\/?product=den-pin-tu-ve-910a","og_site_name":"Baton - Ch\u00edch \u0110i\u1ec7n - X\u1ecbt Cay ch\u00ednh h\u00e3ng","article_modified_time":"2026-02-23T02:17:55+00:00","og_image":[{"width":2560,"height":2560,"url":"https:\/\/dotuvechinhhang.vn\/wp-content\/uploads\/2026\/02\/z6541163810230_751c06c0f469f0f5a21dda1b7865db31-scaled.jpg","type":"image\/jpeg"}],"twitter_card":"summary_large_image","twitter_misc":{"\u01af\u1edbc t\u00ednh th\u1eddi gian \u0111\u1ecdc":"2 ph\u00fat"},"schema":{"@context":"https:\/\/schema.org","@graph":[{"@type":"WebPage","@id":"https:\/\/dotuvechinhhang.vn\/?product=den-pin-tu-ve-910a","url":"https:\/\/dotuvechinhhang.vn\/?product=den-pin-tu-ve-910a","name":"\u0110\u00e8n pin t\u1ef1 v\u1ec7 910A - Baton - Ch\u00edch \u0110i\u1ec7n - X\u1ecbt Cay ch\u00ednh h\u00e3ng","isPartOf":{"@id":"https:\/\/dotuvechinhhang.vn\/#website"},"primaryImageOfPage":{"@id":"https:\/\/dotuvechinhhang.vn\/?product=den-pin-tu-ve-910a#primaryimage"},"image":{"@id":"https:\/\/dotuvechinhhang.vn\/?product=den-pin-tu-ve-910a#primaryimage"},"thumbnailUrl":"https:\/\/dotuvechinhhang.vn\/wp-content\/uploads\/2026\/02\/z6541163810230_751c06c0f469f0f5a21dda1b7865db31-scaled.jpg","datePublished":"2026-02-21T11:37:57+00:00","dateModified":"2026-02-23T02:17:55+00:00","description":"\u0110\u00e8n pin 910A l\u00e0 m\u1ed9t lo\u1ea1i \u0111\u00e8n pin t\u1ef1 v\u1ec7 t\u00edch h\u1ee3p ch\u1ee9c n\u0103ng ch\u00edch \u0111i\u1ec7n (stun flashlight) \u2014 ngh\u0129a l\u00e0 k\u1ebft h\u1ee3p c\u1ea3 \u0111\u00e8n LED chi\u1ebfu s\u00e1ng v\u00e0 kh\u1ea3 n\u0103ng x\u1ea3 \u0111i\u1ec7n t\u1ef1 v\u1ec7 khi c\u1ea7n thi\u1ebft. \u0110\u00e2y l\u00e0 lo\u1ea1i thi\u1ebft b\u1ecb \u0111\u01b0\u1ee3c thi\u1ebft k\u1ebf \u0111\u1ec3 gi\u00fap ng\u01b0\u1eddi d\u00f9ng b\u1ea3o v\u1ec7 b\u1ea3n th\u00e2n trong nh\u1eefng t\u00ecnh hu\u1ed1ng nguy hi\u1ec3m","breadcrumb":{"@id":"https:\/\/dotuvechinhhang.vn\/?product=den-pin-tu-ve-910a#breadcrumb"},"inLanguage":"vi","potentialAction":[{"@type":"ReadAction","target":["https:\/\/dotuvechinhhang.vn\/?product=den-pin-tu-ve-910a"]}]},{"@type":"ImageObject","inLanguage":"vi","@id":"https:\/\/dotuvechinhhang.vn\/?product=den-pin-tu-ve-910a#primaryimage","url":"https:\/\/dotuvechinhhang.vn\/wp-content\/uploads\/2026\/02\/z6541163810230_751c06c0f469f0f5a21dda1b7865db31-scaled.jpg","contentUrl":"https:\/\/dotuvechinhhang.vn\/wp-content\/uploads\/2026\/02\/z6541163810230_751c06c0f469f0f5a21dda1b7865db31-scaled.jpg","width":2560,"height":2560},{"@type":"BreadcrumbList","@id":"https:\/\/dotuvechinhhang.vn\/?product=den-pin-tu-ve-910a#breadcrumb","itemListElement":[{"@type":"ListItem","position":1,"name":"Trang ch\u1ee7","item":"https:\/\/dotuvechinhhang.vn\/"},{"@type":"ListItem","position":2,"name":"S\u1ea3n ph\u1ea9m","item":"https:\/\/dotuvechinhhang.vn\/?post_type=product"},{"@type":"ListItem","position":3,"name":"\u0110\u00e8n pin t\u1ef1 v\u1ec7 910A"}]},{"@type":"WebSite","@id":"https:\/\/dotuvechinhhang.vn\/#website","url":"https:\/\/dotuvechinhhang.vn\/","name":"Baton - Ch\u00edch \u0110i\u1ec7n - X\u1ecbt Cay ch\u00ednh h\u00e3ng","description":"","potentialAction":[{"@type":"SearchAction","target":{"@type":"EntryPoint","urlTemplate":"https:\/\/dotuvechinhhang.vn\/?s={search_term_string}"},"query-input":{"@type":"PropertyValueSpecification","valueRequired":true,"valueName":"search_term_string"}}],"inLanguage":"vi"}]}},"_links":{"self":[{"href":"https:\/\/dotuvechinhhang.vn\/index.php?rest_route=\/wp\/v2\/product\/35","targetHints":{"allow":["GET"]}}],"collection":[{"href":"https:\/\/dotuvechinhhang.vn\/index.php?rest_route=\/wp\/v2\/product"}],"about":[{"href":"https:\/\/dotuvechinhhang.vn\/index.php?rest_route=\/wp\/v2\/types\/product"}],"wp:featuredmedia":[{"embeddable":true,"href":"https:\/\/dotuvechinhhang.vn\/index.php?rest_route=\/wp\/v2\/media\/36"}],"wp:attachment":[{"href":"https:\/\/dotuvechinhhang.vn\/index.php?rest_route=%2Fwp%2Fv2%2Fmedia&parent=35"}],"wp:term":[{"taxonomy":"product_brand","embeddable":true,"href":"https:\/\/dotuvechinhhang.vn\/index.php?rest_route=%2Fwp%2Fv2%2Fproduct_brand&post=35"},{"taxonomy":"product_cat","embeddable":true,"href":"https:\/\/dotuvechinhhang.vn\/index.php?rest_route=%2Fwp%2Fv2%2Fproduct_cat&post=35"},{"taxonomy":"product_tag","embeddable":true,"href":"https:\/\/dotuvechinhhang.vn\/index.php?rest_route=%2Fwp%2Fv2%2Fproduct_tag&post=35"}],"curies":[{"name":"wp","href":"https:\/\/api.w.org\/{rel}","templated":true}]}}