{"id":301,"date":"2026-02-23T13:37:16","date_gmt":"2026-02-23T06:37:16","guid":{"rendered":"https:\/\/dotuvechinhhang.vn\/?post_type=product&#038;p=301"},"modified":"2026-04-10T12:08:52","modified_gmt":"2026-04-10T05:08:52","slug":"baton-cao-su-65cm","status":"publish","type":"product","link":"https:\/\/dotuvechinhhang.vn\/?product=baton-cao-su-65cm","title":{"rendered":"Baton cao su 65cm"},"content":{"rendered":"<h2 data-start=\"173\" data-end=\"206\">\ud83d\udd0e Baton cao su 65 cm l\u00e0 g\u00ec?<\/h2>\n<p data-start=\"208\" data-end=\"610\">M\u1ed9t <strong data-start=\"212\" data-end=\"221\">baton<\/strong> (g\u1eady t\u1ef1 v\u1ec7) theo ngh\u0129a r\u1ed9ng l\u00e0 <strong data-start=\"253\" data-end=\"273\">c\u00e2y g\u1eady h\u00ecnh tr\u1ee5<\/strong>, th\u01b0\u1eddng d\u00f9ng trong <strong data-start=\"293\" data-end=\"331\">ph\u00f2ng th\u1ee7 ho\u1eb7c ki\u1ec3m so\u00e1t \u0111\u1ed1i t\u01b0\u1ee3ng<\/strong> (b\u1ea3o v\u1ec7 b\u1ea3n th\u00e2n, l\u1ef1c l\u01b0\u1ee3ng an ninh, b\u1ea3o v\u1ec7, v.v.) b\u1eb1ng c\u00e1ch ch\u1eb7n, \u0111\u00e1nh ho\u1eb7c \u0111\u1ea9y \u2014 kh\u00f4ng ch\u1ec9 l\u00e0 v\u1eadt trang tr\u00ed m\u00e0 l\u00e0 m\u1ed9t <strong data-start=\"452\" data-end=\"483\">d\u1ee5ng c\u1ee5 ph\u00f2ng th\u00e2n c\u1ee9ng c\u00e1p<\/strong>. Baton c\u00f3 th\u1ec3 \u0111\u01b0\u1ee3c l\u00e0m t\u1eeb <strong data-start=\"510\" data-end=\"532\">g\u1ed7, kim lo\u1ea1i, nh\u1ef1a<\/strong> ho\u1eb7c <strong data-start=\"538\" data-end=\"548\">cao su<\/strong> t\u00f9y m\u1ee5c \u0111\u00edch s\u1eed d\u1ee5ng.<\/p>\n<p data-start=\"612\" data-end=\"947\"><strong data-start=\"612\" data-end=\"628\">Baton cao su<\/strong> lo\u1ea1i ~<strong data-start=\"635\" data-end=\"644\">65 cm<\/strong> l\u00e0 bi\u1ebfn th\u1ec3 c\u00f3 chi\u1ec1u d\u00e0i ph\u00f9 h\u1ee3p \u0111\u1ec3 gi\u1eef kho\u1ea3ng c\u00e1ch an to\u00e0n khi d\u00f9ng v\u00e0 v\u1eabn d\u1ec5 thao t\u00e1c \u1edf c\u1ef1 ly g\u1ea7n. Th\u00e2n g\u1eady th\u01b0\u1eddng l\u00e0m t\u1eeb <strong data-start=\"769\" data-end=\"796\">cao su t\u1ed5ng h\u1ee3p d\u1ebbo dai<\/strong>, \u0111\u00f4i khi c\u00f2n \u0111\u01b0\u1ee3c gia c\u1ed1 b\u00ean trong (v\u00ed d\u1ee5 thanh th\u00e9p hay nh\u1ef1a c\u1ee9ng), \u0111\u1ec3 t\u0103ng \u0111\u1ed9 b\u1ec1n v\u00e0 \u0111\u1ea3m b\u1ea3o l\u1ef1c khi va \u0111\u1eadp.<\/p>\n<hr data-start=\"949\" data-end=\"952\" \/>\n<h2 data-start=\"954\" data-end=\"976\">\u2699\ufe0f \u0110\u1eb7c \u0111i\u1ec3m ch\u00ednh<\/h2>\n<h3 data-start=\"978\" data-end=\"996\">\ud83d\udee1 Ch\u1ea5t li\u1ec7u<\/h3>\n<ul data-start=\"997\" data-end=\"1180\">\n<li data-start=\"997\" data-end=\"1048\">\n<p data-start=\"999\" data-end=\"1048\"><strong data-start=\"999\" data-end=\"1046\">Cao su (ho\u1eb7c h\u1ed7n h\u1ee3p cao su + s\u1ee3i t\u1ed5ng h\u1ee3p)<\/strong><\/p>\n<\/li>\n<li data-start=\"1049\" data-end=\"1180\">\n<p data-start=\"1051\" data-end=\"1180\">C\u00f3 th\u1ec3 k\u00e8m <strong data-start=\"1062\" data-end=\"1094\">l\u00f5i th\u00e9p\/nh\u1ef1a c\u1ee9ng b\u00ean trong<\/strong> \u0111\u1ec3 t\u0103ng \u0111\u1ed9 ch\u1eafc ch\u1eafn v\u00e0 l\u1ef1c d\u1ed9i khi t\u00e1c \u0111\u1ed9ng.<\/p>\n<\/li>\n<\/ul>\n<h3 data-start=\"1182\" data-end=\"1201\">\ud83d\udccf K\u00edch th\u01b0\u1edbc<\/h3>\n<ul data-start=\"1202\" data-end=\"1351\">\n<li data-start=\"1202\" data-end=\"1351\">\n<p data-start=\"1204\" data-end=\"1351\">Chi\u1ec1u d\u00e0i ~<strong data-start=\"1215\" data-end=\"1224\">65 cm<\/strong> \u2013 ph\u00f9 h\u1ee3p v\u1edbi nhi\u1ec1u t\u00ecnh hu\u1ed1ng t\u1ef1 v\u1ec7 ho\u1eb7c ki\u1ec3m so\u00e1t \u0111\u1ed1i t\u01b0\u1ee3ng (trong an ninh, b\u1ea3o v\u1ec7).<\/p>\n<\/li>\n<\/ul>\n<h3 data-start=\"1353\" data-end=\"1368\">\u270b Tay c\u1ea7m<\/h3>\n<ul data-start=\"1369\" data-end=\"1464\">\n<li data-start=\"1369\" data-end=\"1464\">\n<p data-start=\"1371\" data-end=\"1464\">Tay c\u1ea7m cao su ch\u1ed1ng tr\u01b0\u1ee3t, c\u1ea7m ch\u1eafc h\u01a1n khi s\u1eed d\u1ee5ng.<\/p>\n<\/li>\n<\/ul>\n<h3 data-start=\"1466\" data-end=\"1492\">\u2696\ufe0f \u0110\u1eb7c t\u00ednh v\u1eadn h\u00e0nh<\/h3>\n<ul data-start=\"1493\" data-end=\"1783\">\n<li data-start=\"1493\" data-end=\"1664\">\n<p data-start=\"1495\" data-end=\"1664\"><strong data-start=\"1495\" data-end=\"1518\">L\u1ef1c va ch\u1ea1m m\u1ec1m h\u01a1n<\/strong> so v\u1edbi baton kim lo\u1ea1i \u2013 gi\u1ea3m nguy c\u01a1 t\u1ed5n th\u01b0\u01a1ng nghi\u00eam tr\u1ecdng nh\u01b0ng v\u1eabn \u0111\u1ee7 l\u1ef1c \u0111\u1ec3 \u0111\u00e1nh b\u1eadt ho\u1eb7c kh\u1ed1ng ch\u1ebf.<\/p>\n<\/li>\n<li data-start=\"1665\" data-end=\"1783\">\n<p data-start=\"1667\" data-end=\"1783\">Ph\u00f9 h\u1ee3p v\u1edbi nh\u1eefng ai mu\u1ed1n v\u1eeba ph\u00f2ng v\u1ec7, v\u1eeba gi\u1ea3m s\u00e1t th\u01b0\u01a1ng n\u1eb7ng \u0111\u1ed1i ph\u01b0\u01a1ng.<\/p>\n<\/li>\n<\/ul>\n<hr data-start=\"1785\" data-end=\"1788\" \/>\n<h2 data-start=\"1790\" data-end=\"1813\">\ud83d\udccc \u01afu &amp; nh\u01b0\u1ee3c \u0111i\u1ec3m<\/h2>\n<h3 data-start=\"1815\" data-end=\"1830\">\u2705 \u01afu \u0111i\u1ec3m<\/h3>\n<p data-start=\"1831\" data-end=\"2172\">\u2714 <strong data-start=\"1833\" data-end=\"1849\">Nh\u1eb9 &amp; d\u1ec5 c\u1ea7m<\/strong> \u2014 kh\u00f4ng qu\u00e1 n\u1eb7ng n\u00ean vung nhanh, thao t\u00e1c gi\u1ea3n ti\u1ec7n. <br data-start=\"1940\" data-end=\"1943\" \/>\u2714 <strong data-start=\"1945\" data-end=\"1969\">Gi\u1ea3m t\u1ed5n th\u01b0\u01a1ng n\u1eb7ng<\/strong> \u2014 cao su m\u1ec1m h\u01a1n kim lo\u1ea1i trong nhi\u1ec1u tr\u01b0\u1eddng h\u1ee3p. <br data-start=\"2057\" data-end=\"2060\" \/>\u2714 <strong data-start=\"2062\" data-end=\"2082\">Chi\u1ec1u d\u00e0i ~65 cm<\/strong> \u2014 gi\u1eef kho\u1ea3ng c\u00e1ch an to\u00e0n gi\u1eefa b\u1ea1n v\u00e0 \u0111\u1ed1i ph\u01b0\u01a1ng.<\/p>\n<h3 data-start=\"2174\" data-end=\"2192\">\u274c Nh\u01b0\u1ee3c \u0111i\u1ec3m<\/h3>\n<p data-start=\"2193\" data-end=\"2463\">\u2757 <strong data-start=\"2195\" data-end=\"2223\">Kh\u00f4ng m\u1ea1nh b\u1eb1ng kim lo\u1ea1i<\/strong> khi va ch\u1ea1m c\u1ef1c l\u1ef1c (kh\u00f4ng hi\u1ec7u qu\u1ea3 v\u1edbi v\u1eadt c\u1ee9ng ho\u1eb7c d\u00f9ng l\u00e0m c\u00f4ng c\u1ee5 t\u00e1c \u0111\u1ed9ng m\u1ea1nh). <br data-start=\"2350\" data-end=\"2353\" \/>\u2757 T\u00f9y s\u1ea3n ph\u1ea9m, ch\u1ea5t l\u01b0\u1ee3ng cao su v\u00e0 kh\u1ea3 n\u0103ng ch\u1ecbu va \u0111\u1eadp kh\u00e1c nhau.<\/p>\n","protected":false},"excerpt":{"rendered":"<div>\u2705 Mi\u1ec5n ship to\u00e0n qu\u1ed1c<\/div>\n<div>\u2705 Nh\u1eadn h\u00e0ng ki\u1ec3m tra thanh to\u00e1n<\/div>\n<div>\u2705B\u1ea3o h\u00e0nh 1 th\u00e1ng l\u1ed7i 1 \u0111\u1ed5i 1<\/div>\n<div><\/div>\n<div><\/div>\n","protected":false},"featured_media":305,"template":"","meta":[],"product_brand":[],"product_cat":[20,26],"product_tag":[],"class_list":{"0":"post-301","1":"product","2":"type-product","3":"status-publish","4":"has-post-thumbnail","6":"product_cat-baton","7":"product_cat-baton-cao-su","9":"first","10":"instock","11":"shipping-taxable","12":"purchasable","13":"product-type-simple"},"yoast_head":"<!-- This site is optimized with the Yoast SEO plugin v27.0 - https:\/\/yoast.com\/product\/yoast-seo-wordpress\/ -->\n<title>Baton cao su 65cm - Baton - Ch\u00edch \u0110i\u1ec7n - X\u1ecbt Cay ch\u00ednh h\u00e3ng<\/title>\n<meta name=\"robots\" content=\"index, follow, max-snippet:-1, max-image-preview:large, max-video-preview:-1\" \/>\n<link rel=\"canonical\" href=\"https:\/\/dotuvechinhhang.vn\/?product=baton-cao-su-65cm\" \/>\n<meta property=\"og:locale\" content=\"vi_VN\" \/>\n<meta property=\"og:type\" content=\"article\" \/>\n<meta property=\"og:title\" content=\"Baton cao su 65cm - Baton - Ch\u00edch \u0110i\u1ec7n - X\u1ecbt Cay ch\u00ednh h\u00e3ng\" \/>\n<meta property=\"og:description\" content=\"\u2705 Mi\u1ec5n ship to\u00e0n qu\u1ed1c \u2705 Nh\u1eadn h\u00e0ng ki\u1ec3m tra thanh to\u00e1n \u2705B\u1ea3o h\u00e0nh 1 th\u00e1ng l\u1ed7i 1 \u0111\u1ed5i 1\" \/>\n<meta property=\"og:url\" content=\"https:\/\/dotuvechinhhang.vn\/?product=baton-cao-su-65cm\" \/>\n<meta property=\"og:site_name\" content=\"Baton - Ch\u00edch \u0110i\u1ec7n - X\u1ecbt Cay ch\u00ednh h\u00e3ng\" \/>\n<meta property=\"article:modified_time\" content=\"2026-04-10T05:08:52+00:00\" \/>\n<meta property=\"og:image\" content=\"https:\/\/dotuvechinhhang.vn\/wp-content\/uploads\/2026\/02\/z6541166888072_41d4dccc3e44c83e43ad4c62744f7b8c-scaled.jpg\" \/>\n\t<meta property=\"og:image:width\" content=\"2560\" \/>\n\t<meta property=\"og:image:height\" content=\"2560\" \/>\n\t<meta property=\"og:image:type\" content=\"image\/jpeg\" \/>\n<meta name=\"twitter:card\" content=\"summary_large_image\" \/>\n<meta name=\"twitter:label1\" content=\"\u01af\u1edbc t\u00ednh th\u1eddi gian \u0111\u1ecdc\" \/>\n\t<meta name=\"twitter:data1\" content=\"3 ph\u00fat\" \/>\n<script type=\"application\/ld+json\" class=\"yoast-schema-graph\">{\"@context\":\"https:\/\/schema.org\",\"@graph\":[{\"@type\":\"WebPage\",\"@id\":\"https:\/\/dotuvechinhhang.vn\/?product=baton-cao-su-65cm\",\"url\":\"https:\/\/dotuvechinhhang.vn\/?product=baton-cao-su-65cm\",\"name\":\"Baton cao su 65cm - Baton - Ch\u00edch \u0110i\u1ec7n - X\u1ecbt Cay ch\u00ednh h\u00e3ng\",\"isPartOf\":{\"@id\":\"https:\/\/dotuvechinhhang.vn\/#website\"},\"primaryImageOfPage\":{\"@id\":\"https:\/\/dotuvechinhhang.vn\/?product=baton-cao-su-65cm#primaryimage\"},\"image\":{\"@id\":\"https:\/\/dotuvechinhhang.vn\/?product=baton-cao-su-65cm#primaryimage\"},\"thumbnailUrl\":\"https:\/\/dotuvechinhhang.vn\/wp-content\/uploads\/2026\/02\/z6541166888072_41d4dccc3e44c83e43ad4c62744f7b8c-scaled.jpg\",\"datePublished\":\"2026-02-23T06:37:16+00:00\",\"dateModified\":\"2026-04-10T05:08:52+00:00\",\"breadcrumb\":{\"@id\":\"https:\/\/dotuvechinhhang.vn\/?product=baton-cao-su-65cm#breadcrumb\"},\"inLanguage\":\"vi\",\"potentialAction\":[{\"@type\":\"ReadAction\",\"target\":[\"https:\/\/dotuvechinhhang.vn\/?product=baton-cao-su-65cm\"]}]},{\"@type\":\"ImageObject\",\"inLanguage\":\"vi\",\"@id\":\"https:\/\/dotuvechinhhang.vn\/?product=baton-cao-su-65cm#primaryimage\",\"url\":\"https:\/\/dotuvechinhhang.vn\/wp-content\/uploads\/2026\/02\/z6541166888072_41d4dccc3e44c83e43ad4c62744f7b8c-scaled.jpg\",\"contentUrl\":\"https:\/\/dotuvechinhhang.vn\/wp-content\/uploads\/2026\/02\/z6541166888072_41d4dccc3e44c83e43ad4c62744f7b8c-scaled.jpg\",\"width\":2560,\"height\":2560},{\"@type\":\"BreadcrumbList\",\"@id\":\"https:\/\/dotuvechinhhang.vn\/?product=baton-cao-su-65cm#breadcrumb\",\"itemListElement\":[{\"@type\":\"ListItem\",\"position\":1,\"name\":\"Trang ch\u1ee7\",\"item\":\"https:\/\/dotuvechinhhang.vn\/\"},{\"@type\":\"ListItem\",\"position\":2,\"name\":\"S\u1ea3n ph\u1ea9m\",\"item\":\"https:\/\/dotuvechinhhang.vn\/?post_type=product\"},{\"@type\":\"ListItem\",\"position\":3,\"name\":\"Baton cao su 65cm\"}]},{\"@type\":\"WebSite\",\"@id\":\"https:\/\/dotuvechinhhang.vn\/#website\",\"url\":\"https:\/\/dotuvechinhhang.vn\/\",\"name\":\"Baton - Ch\u00edch \u0110i\u1ec7n - X\u1ecbt Cay ch\u00ednh h\u00e3ng\",\"description\":\"\",\"potentialAction\":[{\"@type\":\"SearchAction\",\"target\":{\"@type\":\"EntryPoint\",\"urlTemplate\":\"https:\/\/dotuvechinhhang.vn\/?s={search_term_string}\"},\"query-input\":{\"@type\":\"PropertyValueSpecification\",\"valueRequired\":true,\"valueName\":\"search_term_string\"}}],\"inLanguage\":\"vi\"}]}<\/script>\n<!-- \/ Yoast SEO plugin. -->","yoast_head_json":{"title":"Baton cao su 65cm - Baton - Ch\u00edch \u0110i\u1ec7n - X\u1ecbt Cay ch\u00ednh h\u00e3ng","robots":{"index":"index","follow":"follow","max-snippet":"max-snippet:-1","max-image-preview":"max-image-preview:large","max-video-preview":"max-video-preview:-1"},"canonical":"https:\/\/dotuvechinhhang.vn\/?product=baton-cao-su-65cm","og_locale":"vi_VN","og_type":"article","og_title":"Baton cao su 65cm - Baton - Ch\u00edch \u0110i\u1ec7n - X\u1ecbt Cay ch\u00ednh h\u00e3ng","og_description":"\u2705 Mi\u1ec5n ship to\u00e0n qu\u1ed1c \u2705 Nh\u1eadn h\u00e0ng ki\u1ec3m tra thanh to\u00e1n \u2705B\u1ea3o h\u00e0nh 1 th\u00e1ng l\u1ed7i 1 \u0111\u1ed5i 1","og_url":"https:\/\/dotuvechinhhang.vn\/?product=baton-cao-su-65cm","og_site_name":"Baton - Ch\u00edch \u0110i\u1ec7n - X\u1ecbt Cay ch\u00ednh h\u00e3ng","article_modified_time":"2026-04-10T05:08:52+00:00","og_image":[{"width":2560,"height":2560,"url":"https:\/\/dotuvechinhhang.vn\/wp-content\/uploads\/2026\/02\/z6541166888072_41d4dccc3e44c83e43ad4c62744f7b8c-scaled.jpg","type":"image\/jpeg"}],"twitter_card":"summary_large_image","twitter_misc":{"\u01af\u1edbc t\u00ednh th\u1eddi gian \u0111\u1ecdc":"3 ph\u00fat"},"schema":{"@context":"https:\/\/schema.org","@graph":[{"@type":"WebPage","@id":"https:\/\/dotuvechinhhang.vn\/?product=baton-cao-su-65cm","url":"https:\/\/dotuvechinhhang.vn\/?product=baton-cao-su-65cm","name":"Baton cao su 65cm - Baton - Ch\u00edch \u0110i\u1ec7n - X\u1ecbt Cay ch\u00ednh h\u00e3ng","isPartOf":{"@id":"https:\/\/dotuvechinhhang.vn\/#website"},"primaryImageOfPage":{"@id":"https:\/\/dotuvechinhhang.vn\/?product=baton-cao-su-65cm#primaryimage"},"image":{"@id":"https:\/\/dotuvechinhhang.vn\/?product=baton-cao-su-65cm#primaryimage"},"thumbnailUrl":"https:\/\/dotuvechinhhang.vn\/wp-content\/uploads\/2026\/02\/z6541166888072_41d4dccc3e44c83e43ad4c62744f7b8c-scaled.jpg","datePublished":"2026-02-23T06:37:16+00:00","dateModified":"2026-04-10T05:08:52+00:00","breadcrumb":{"@id":"https:\/\/dotuvechinhhang.vn\/?product=baton-cao-su-65cm#breadcrumb"},"inLanguage":"vi","potentialAction":[{"@type":"ReadAction","target":["https:\/\/dotuvechinhhang.vn\/?product=baton-cao-su-65cm"]}]},{"@type":"ImageObject","inLanguage":"vi","@id":"https:\/\/dotuvechinhhang.vn\/?product=baton-cao-su-65cm#primaryimage","url":"https:\/\/dotuvechinhhang.vn\/wp-content\/uploads\/2026\/02\/z6541166888072_41d4dccc3e44c83e43ad4c62744f7b8c-scaled.jpg","contentUrl":"https:\/\/dotuvechinhhang.vn\/wp-content\/uploads\/2026\/02\/z6541166888072_41d4dccc3e44c83e43ad4c62744f7b8c-scaled.jpg","width":2560,"height":2560},{"@type":"BreadcrumbList","@id":"https:\/\/dotuvechinhhang.vn\/?product=baton-cao-su-65cm#breadcrumb","itemListElement":[{"@type":"ListItem","position":1,"name":"Trang ch\u1ee7","item":"https:\/\/dotuvechinhhang.vn\/"},{"@type":"ListItem","position":2,"name":"S\u1ea3n ph\u1ea9m","item":"https:\/\/dotuvechinhhang.vn\/?post_type=product"},{"@type":"ListItem","position":3,"name":"Baton cao su 65cm"}]},{"@type":"WebSite","@id":"https:\/\/dotuvechinhhang.vn\/#website","url":"https:\/\/dotuvechinhhang.vn\/","name":"Baton - Ch\u00edch \u0110i\u1ec7n - X\u1ecbt Cay ch\u00ednh h\u00e3ng","description":"","potentialAction":[{"@type":"SearchAction","target":{"@type":"EntryPoint","urlTemplate":"https:\/\/dotuvechinhhang.vn\/?s={search_term_string}"},"query-input":{"@type":"PropertyValueSpecification","valueRequired":true,"valueName":"search_term_string"}}],"inLanguage":"vi"}]}},"_links":{"self":[{"href":"https:\/\/dotuvechinhhang.vn\/index.php?rest_route=\/wp\/v2\/product\/301","targetHints":{"allow":["GET"]}}],"collection":[{"href":"https:\/\/dotuvechinhhang.vn\/index.php?rest_route=\/wp\/v2\/product"}],"about":[{"href":"https:\/\/dotuvechinhhang.vn\/index.php?rest_route=\/wp\/v2\/types\/product"}],"wp:featuredmedia":[{"embeddable":true,"href":"https:\/\/dotuvechinhhang.vn\/index.php?rest_route=\/wp\/v2\/media\/305"}],"wp:attachment":[{"href":"https:\/\/dotuvechinhhang.vn\/index.php?rest_route=%2Fwp%2Fv2%2Fmedia&parent=301"}],"wp:term":[{"taxonomy":"product_brand","embeddable":true,"href":"https:\/\/dotuvechinhhang.vn\/index.php?rest_route=%2Fwp%2Fv2%2Fproduct_brand&post=301"},{"taxonomy":"product_cat","embeddable":true,"href":"https:\/\/dotuvechinhhang.vn\/index.php?rest_route=%2Fwp%2Fv2%2Fproduct_cat&post=301"},{"taxonomy":"product_tag","embeddable":true,"href":"https:\/\/dotuvechinhhang.vn\/index.php?rest_route=%2Fwp%2Fv2%2Fproduct_tag&post=301"}],"curies":[{"name":"wp","href":"https:\/\/api.w.org\/{rel}","templated":true}]}}