{"id":252,"date":"2026-02-23T11:27:30","date_gmt":"2026-02-23T04:27:30","guid":{"rendered":"https:\/\/dotuvechinhhang.vn\/?post_type=product&#038;p=252"},"modified":"2026-02-23T11:27:30","modified_gmt":"2026-02-23T04:27:30","slug":"sung-dien-120-000kv","status":"publish","type":"product","link":"https:\/\/dotuvechinhhang.vn\/?product=sung-dien-120-000kv","title":{"rendered":"S\u00fang \u0111i\u1ec7n 120.000kV"},"content":{"rendered":"<h2 data-start=\"631\" data-end=\"675\">\ud83d\udd0c S\u00fang \u0111i\u1ec7n 120.000kV \u2013 Gi\u1edbi thi\u1ec7u chung<\/h2>\n<p data-start=\"677\" data-end=\"856\"><strong data-start=\"677\" data-end=\"698\">T\u00ean g\u1ecdi ph\u1ed5 bi\u1ebfn:<\/strong> S\u00fang \u0111i\u1ec7n 120.000kV<br data-start=\"718\" data-end=\"721\" \/><strong data-start=\"721\" data-end=\"735\">Ph\u00e2n lo\u1ea1i:<\/strong> <em data-start=\"736\" data-end=\"768\">Stun gun \/ Electroshock weapon<\/em><br data-start=\"768\" data-end=\"771\" \/><strong data-start=\"771\" data-end=\"785\">Ch\u1ee9c n\u0103ng:<\/strong> Thi\u1ebft b\u1ecb ph\u00e1t xung \u0111i\u1ec7n nh\u1eb1m g\u00e2y \u0111au v\u00e0 r\u1ed1i lo\u1ea1n c\u01a1 t\u1ea1m th\u1eddi \u0111\u1ec3 t\u1ef1 v\u1ec7.<\/p>\n<p data-start=\"858\" data-end=\"1131\">\ud83d\udccc L\u01b0u \u00fd quan tr\u1ecdng v\u1ec1 con s\u1ed1 <strong data-start=\"888\" data-end=\"916\">120.000kV (120.000 volt)<\/strong>:<br data-start=\"917\" data-end=\"920\" \/>\u0110\u00e2y th\u01b0\u1eddng l\u00e0 <strong data-start=\"934\" data-end=\"977\">\u0111i\u1ec7n \u00e1p danh ngh\u0129a d\u00f9ng trong qu\u1ea3ng c\u00e1o<\/strong>, kh\u00f4ng ph\u1ea3i l\u00e0 m\u1ee9c \u0111i\u1ec7n \u00e1p th\u1ef1c t\u1ebf \u0111i qua c\u01a1 th\u1ec3.<br data-start=\"1027\" data-end=\"1030\" \/>Hi\u1ec7u \u1ee9ng sinh l\u00fd ph\u1ee5 thu\u1ed9c v\u00e0o <strong data-start=\"1061\" data-end=\"1081\">d\u00f2ng \u0111i\u1ec7n (ampe)<\/strong> v\u00e0 th\u1eddi gian ti\u1ebfp x\u00fac, kh\u00f4ng ch\u1ec9 d\u1ef1a v\u00e0o s\u1ed1 volt.<\/p>\n<hr data-start=\"1133\" data-end=\"1136\" \/>\n<h2 data-start=\"1138\" data-end=\"1163\">\u2699\ufe0f Nguy\u00ean l\u00fd ho\u1ea1t \u0111\u1ed9ng<\/h2>\n<p data-start=\"1165\" data-end=\"1208\">S\u00fang \u0111i\u1ec7n c\u1ea7m tay ho\u1ea1t \u0111\u1ed9ng theo nguy\u00ean l\u00fd:<\/p>\n<ul data-start=\"1210\" data-end=\"1395\">\n<li data-start=\"1210\" data-end=\"1253\">\n<p data-start=\"1212\" data-end=\"1253\">T\u1ea1o <strong data-start=\"1216\" data-end=\"1253\">xung \u0111i\u1ec7n cao \u00e1p \u2013 d\u00f2ng \u0111i\u1ec7n th\u1ea5p<\/strong><\/p>\n<\/li>\n<li data-start=\"1254\" data-end=\"1312\">\n<p data-start=\"1256\" data-end=\"1312\">Khi k\u00edch ho\u1ea1t, \u0111i\u1ec7n c\u1ef1c \u1edf \u0111\u1ea7u thi\u1ebft b\u1ecb ph\u00e1t tia l\u1eeda \u0111i\u1ec7n<\/p>\n<\/li>\n<li data-start=\"1313\" data-end=\"1395\">\n<p data-start=\"1315\" data-end=\"1395\">Khi ti\u1ebfp x\u00fac tr\u1ef1c ti\u1ebfp v\u1edbi c\u01a1 th\u1ec3 \u0111\u1ed1i t\u01b0\u1ee3ng (ho\u1eb7c qua l\u1edbp v\u1ea3i m\u1ecfng), c\u00f3 th\u1ec3 g\u00e2y:<\/p>\n<\/li>\n<\/ul>\n<p data-start=\"1397\" data-end=\"1483\">\u2714 \u0110au nh\u00f3i \u0111\u1ed9t ng\u1ed9t<br data-start=\"1416\" data-end=\"1419\" \/>\u2714 Co c\u01a1 t\u1ea1m th\u1eddi<br data-start=\"1435\" data-end=\"1438\" \/>\u2714 M\u1ea5t th\u0103ng b\u1eb1ng ho\u1eb7c cho\u00e1ng trong v\u00e0i gi\u00e2y<\/p>\n<p data-start=\"1485\" data-end=\"1576\">M\u1ee5c \u0111\u00edch l\u00e0 <strong data-start=\"1497\" data-end=\"1539\">t\u1ea1o th\u1eddi gian \u0111\u1ec3 ng\u01b0\u1eddi d\u00f9ng tho\u00e1t th\u00e2n<\/strong>, kh\u00f4ng ph\u1ea3i g\u00e2y th\u01b0\u01a1ng t\u00edch l\u00e2u d\u00e0i.<\/p>\n<p data-start=\"1578\" data-end=\"1696\">\ud83d\udccc Kh\u00e1c v\u1edbi TASER b\u1eafn \u0111i\u1ec7n t\u1eeb xa:<br data-start=\"1611\" data-end=\"1614\" \/>Lo\u1ea1i \u201c120.000kV\u201d d\u1ea1ng stun gun <strong data-start=\"1645\" data-end=\"1679\">y\u00eau c\u1ea7u ti\u1ebfp x\u00fac g\u1ea7n tr\u1ef1c ti\u1ebfp<\/strong> m\u1edbi c\u00f3 t\u00e1c d\u1ee5ng.<\/p>\n<hr data-start=\"1698\" data-end=\"1701\" \/>\n<h2 data-start=\"1703\" data-end=\"1726\">\ud83e\uddf0 Thi\u1ebft k\u1ebf ph\u1ed5 bi\u1ebfn<\/h2>\n<p data-start=\"1728\" data-end=\"1765\">M\u1ed9t m\u1eabu s\u00fang \u0111i\u1ec7n lo\u1ea1i n\u00e0y th\u01b0\u1eddng c\u00f3:<\/p>\n<h3 data-start=\"1767\" data-end=\"1782\">\ud83d\udd39 Th\u00e2n m\u00e1y<\/h3>\n<ul data-start=\"1783\" data-end=\"1841\">\n<li data-start=\"1783\" data-end=\"1811\">\n<p data-start=\"1785\" data-end=\"1811\">V\u1ecf nh\u1ef1a c\u1ee9ng ho\u1eb7c kim lo\u1ea1i<\/p>\n<\/li>\n<li data-start=\"1812\" data-end=\"1841\">\n<p data-start=\"1814\" data-end=\"1841\">K\u00edch th\u01b0\u1edbc nh\u1ecf g\u1ecdn, c\u1ea7m tay<\/p>\n<\/li>\n<\/ul>\n<h3 data-start=\"1843\" data-end=\"1858\">\ud83d\udd39 \u0110i\u1ec7n c\u1ef1c<\/h3>\n<ul data-start=\"1859\" data-end=\"1912\">\n<li data-start=\"1859\" data-end=\"1884\">\n<p data-start=\"1861\" data-end=\"1884\">2\u20134 ch\u1ea5u kim lo\u1ea1i \u1edf \u0111\u1ea7u<\/p>\n<\/li>\n<li data-start=\"1885\" data-end=\"1912\">\n<p data-start=\"1887\" data-end=\"1912\">Ph\u00e1t tia l\u1eeda \u0111i\u1ec7n khi b\u1eadt<\/p>\n<\/li>\n<\/ul>\n<h3 data-start=\"1914\" data-end=\"1935\">\ud83d\udd39 N\u00fat \u0111i\u1ec1u khi\u1ec3n<\/h3>\n<ul data-start=\"1936\" data-end=\"1980\">\n<li data-start=\"1936\" data-end=\"1954\">\n<p data-start=\"1938\" data-end=\"1954\">C\u00f4ng t\u1eafc an to\u00e0n<\/p>\n<\/li>\n<li data-start=\"1955\" data-end=\"1980\">\n<p data-start=\"1957\" data-end=\"1980\">N\u00fat k\u00edch ho\u1ea1t xung \u0111i\u1ec7n<\/p>\n<\/li>\n<\/ul>\n<h3 data-start=\"1982\" data-end=\"1999\">\ud83d\udd39 Ngu\u1ed3n \u0111i\u1ec7n<\/h3>\n<ul data-start=\"2000\" data-end=\"2055\">\n<li data-start=\"2000\" data-end=\"2018\">\n<p data-start=\"2002\" data-end=\"2018\">Pin s\u1ea1c t\u00edch h\u1ee3p<\/p>\n<\/li>\n<li data-start=\"2019\" data-end=\"2055\">\n<p data-start=\"2021\" data-end=\"2055\">C\u00f3 th\u1ec3 s\u1ea1c tr\u1ef1c ti\u1ebfp qua d\u00e2y ngu\u1ed3n<\/p>\n<\/li>\n<\/ul>\n<hr data-start=\"2057\" data-end=\"2060\" \/>\n<h2 data-start=\"2062\" data-end=\"2085\">\ud83d\udcca \u01afu \u0111i\u1ec3m &amp; h\u1ea1n ch\u1ebf<\/h2>\n<h3 data-start=\"2087\" data-end=\"2100\">\u2705 \u01afu \u0111i\u1ec3m<\/h3>\n<ul data-start=\"2101\" data-end=\"2206\">\n<li data-start=\"2101\" data-end=\"2145\">\n<p data-start=\"2103\" data-end=\"2145\">T\u1ea1o hi\u1ec7u \u1ee9ng \u0111au v\u00e0 r\u1ed1i lo\u1ea1n c\u01a1 t\u1ea1m th\u1eddi<\/p>\n<\/li>\n<li data-start=\"2146\" data-end=\"2165\">\n<p data-start=\"2148\" data-end=\"2165\">Nh\u1ecf g\u1ecdn, d\u1ec5 c\u1ea7m<\/p>\n<\/li>\n<li data-start=\"2166\" data-end=\"2206\">\n<p data-start=\"2168\" data-end=\"2206\">C\u00f3 th\u1ec3 ph\u00e1t tia l\u1eeda \u0111\u1ec3 r\u0103n \u0111e t\u00e2m l\u00fd<\/p>\n<\/li>\n<\/ul>\n<h3 data-start=\"2208\" data-end=\"2221\">\u274c H\u1ea1n ch\u1ebf<\/h3>\n<ul data-start=\"2222\" data-end=\"2432\">\n<li data-start=\"2222\" data-end=\"2247\">\n<p data-start=\"2224\" data-end=\"2247\">Ph\u1ea3i ti\u1ebfp x\u00fac r\u1ea5t g\u1ea7n<\/p>\n<\/li>\n<li data-start=\"2248\" data-end=\"2295\">\n<p data-start=\"2250\" data-end=\"2295\">Kh\u00f4ng \u0111\u1ea3m b\u1ea3o hi\u1ec7u qu\u1ea3 trong m\u1ecdi t\u00ecnh hu\u1ed1ng<\/p>\n<\/li>\n<li data-start=\"2296\" data-end=\"2329\">\n<p data-start=\"2298\" data-end=\"2329\">Ph\u1ee5 thu\u1ed9c v\u00e0o k\u1ef9 n\u0103ng s\u1eed d\u1ee5ng<\/p>\n<\/li>\n<li data-start=\"2330\" data-end=\"2366\">\n<p data-start=\"2332\" data-end=\"2366\">R\u1ee7i ro ph\u00e1p l\u00fd cao t\u1ea1i nhi\u1ec1u n\u01a1i<\/p>\n<\/li>\n<li data-start=\"2367\" data-end=\"2432\">\n<p data-start=\"2369\" data-end=\"2432\">C\u00f3 th\u1ec3 g\u00e2y nguy hi\u1ec3m cho ng\u01b0\u1eddi c\u00f3 b\u1ec7nh tim ho\u1eb7c th\u1ec3 tr\u1ea1ng y\u1ebfu<\/p>\n<\/li>\n<\/ul>\n","protected":false},"excerpt":{"rendered":"<div>\u2705 Mi\u1ec5n ship to\u00e0n qu\u1ed1c<\/div>\n<div>\u2705 Nh\u1eadn h\u00e0ng ki\u1ec3m tra thanh to\u00e1n<\/div>\n<div>\u2705B\u1ea3o h\u00e0nh 1 th\u00e1ng l\u1ed7i 1 \u0111\u1ed5i 1<\/div>\n<div><\/div>\n<div><\/div>\n","protected":false},"featured_media":256,"template":"","meta":[],"product_brand":[],"product_cat":[21,33],"product_tag":[],"class_list":{"0":"post-252","1":"product","2":"type-product","3":"status-publish","4":"has-post-thumbnail","6":"product_cat-chich-dien","7":"product_cat-sung-dien","9":"first","10":"instock","11":"shipping-taxable","12":"purchasable","13":"product-type-simple"},"yoast_head":"<!-- This site is optimized with the Yoast SEO plugin v27.0 - https:\/\/yoast.com\/product\/yoast-seo-wordpress\/ -->\n<title>S\u00fang \u0111i\u1ec7n 120.000kV - Baton - Ch\u00edch \u0110i\u1ec7n - X\u1ecbt Cay ch\u00ednh h\u00e3ng<\/title>\n<meta name=\"robots\" content=\"index, follow, max-snippet:-1, max-image-preview:large, max-video-preview:-1\" \/>\n<link rel=\"canonical\" href=\"https:\/\/dotuvechinhhang.vn\/?product=sung-dien-120-000kv\" \/>\n<meta property=\"og:locale\" content=\"vi_VN\" \/>\n<meta property=\"og:type\" content=\"article\" \/>\n<meta property=\"og:title\" content=\"S\u00fang \u0111i\u1ec7n 120.000kV - Baton - Ch\u00edch \u0110i\u1ec7n - X\u1ecbt Cay ch\u00ednh h\u00e3ng\" \/>\n<meta property=\"og:description\" content=\"\u2705 Mi\u1ec5n ship to\u00e0n qu\u1ed1c \u2705 Nh\u1eadn h\u00e0ng ki\u1ec3m tra thanh to\u00e1n \u2705B\u1ea3o h\u00e0nh 1 th\u00e1ng l\u1ed7i 1 \u0111\u1ed5i 1\" \/>\n<meta property=\"og:url\" content=\"https:\/\/dotuvechinhhang.vn\/?product=sung-dien-120-000kv\" \/>\n<meta property=\"og:site_name\" content=\"Baton - Ch\u00edch \u0110i\u1ec7n - X\u1ecbt Cay ch\u00ednh h\u00e3ng\" \/>\n<meta property=\"og:image\" content=\"https:\/\/dotuvechinhhang.vn\/wp-content\/uploads\/2026\/02\/z7280021982906_20a387fd3bc22980f2553d4328273e1f-300x300-1.jpg\" \/>\n\t<meta property=\"og:image:width\" content=\"300\" \/>\n\t<meta property=\"og:image:height\" content=\"300\" \/>\n\t<meta property=\"og:image:type\" content=\"image\/jpeg\" \/>\n<meta name=\"twitter:card\" content=\"summary_large_image\" \/>\n<meta name=\"twitter:label1\" content=\"\u01af\u1edbc t\u00ednh th\u1eddi gian \u0111\u1ecdc\" \/>\n\t<meta name=\"twitter:data1\" content=\"3 ph\u00fat\" \/>\n<script type=\"application\/ld+json\" class=\"yoast-schema-graph\">{\"@context\":\"https:\/\/schema.org\",\"@graph\":[{\"@type\":\"WebPage\",\"@id\":\"https:\/\/dotuvechinhhang.vn\/?product=sung-dien-120-000kv\",\"url\":\"https:\/\/dotuvechinhhang.vn\/?product=sung-dien-120-000kv\",\"name\":\"S\u00fang \u0111i\u1ec7n 120.000kV - Baton - Ch\u00edch \u0110i\u1ec7n - X\u1ecbt Cay ch\u00ednh h\u00e3ng\",\"isPartOf\":{\"@id\":\"https:\/\/dotuvechinhhang.vn\/#website\"},\"primaryImageOfPage\":{\"@id\":\"https:\/\/dotuvechinhhang.vn\/?product=sung-dien-120-000kv#primaryimage\"},\"image\":{\"@id\":\"https:\/\/dotuvechinhhang.vn\/?product=sung-dien-120-000kv#primaryimage\"},\"thumbnailUrl\":\"https:\/\/dotuvechinhhang.vn\/wp-content\/uploads\/2026\/02\/z7280021982906_20a387fd3bc22980f2553d4328273e1f-300x300-1.jpg\",\"datePublished\":\"2026-02-23T04:27:30+00:00\",\"breadcrumb\":{\"@id\":\"https:\/\/dotuvechinhhang.vn\/?product=sung-dien-120-000kv#breadcrumb\"},\"inLanguage\":\"vi\",\"potentialAction\":[{\"@type\":\"ReadAction\",\"target\":[\"https:\/\/dotuvechinhhang.vn\/?product=sung-dien-120-000kv\"]}]},{\"@type\":\"ImageObject\",\"inLanguage\":\"vi\",\"@id\":\"https:\/\/dotuvechinhhang.vn\/?product=sung-dien-120-000kv#primaryimage\",\"url\":\"https:\/\/dotuvechinhhang.vn\/wp-content\/uploads\/2026\/02\/z7280021982906_20a387fd3bc22980f2553d4328273e1f-300x300-1.jpg\",\"contentUrl\":\"https:\/\/dotuvechinhhang.vn\/wp-content\/uploads\/2026\/02\/z7280021982906_20a387fd3bc22980f2553d4328273e1f-300x300-1.jpg\",\"width\":300,\"height\":300},{\"@type\":\"BreadcrumbList\",\"@id\":\"https:\/\/dotuvechinhhang.vn\/?product=sung-dien-120-000kv#breadcrumb\",\"itemListElement\":[{\"@type\":\"ListItem\",\"position\":1,\"name\":\"Trang ch\u1ee7\",\"item\":\"https:\/\/dotuvechinhhang.vn\/\"},{\"@type\":\"ListItem\",\"position\":2,\"name\":\"S\u1ea3n ph\u1ea9m\",\"item\":\"https:\/\/dotuvechinhhang.vn\/?post_type=product\"},{\"@type\":\"ListItem\",\"position\":3,\"name\":\"S\u00fang \u0111i\u1ec7n 120.000kV\"}]},{\"@type\":\"WebSite\",\"@id\":\"https:\/\/dotuvechinhhang.vn\/#website\",\"url\":\"https:\/\/dotuvechinhhang.vn\/\",\"name\":\"Baton - Ch\u00edch \u0110i\u1ec7n - X\u1ecbt Cay ch\u00ednh h\u00e3ng\",\"description\":\"\",\"potentialAction\":[{\"@type\":\"SearchAction\",\"target\":{\"@type\":\"EntryPoint\",\"urlTemplate\":\"https:\/\/dotuvechinhhang.vn\/?s={search_term_string}\"},\"query-input\":{\"@type\":\"PropertyValueSpecification\",\"valueRequired\":true,\"valueName\":\"search_term_string\"}}],\"inLanguage\":\"vi\"}]}<\/script>\n<!-- \/ Yoast SEO plugin. -->","yoast_head_json":{"title":"S\u00fang \u0111i\u1ec7n 120.000kV - Baton - Ch\u00edch \u0110i\u1ec7n - X\u1ecbt Cay ch\u00ednh h\u00e3ng","robots":{"index":"index","follow":"follow","max-snippet":"max-snippet:-1","max-image-preview":"max-image-preview:large","max-video-preview":"max-video-preview:-1"},"canonical":"https:\/\/dotuvechinhhang.vn\/?product=sung-dien-120-000kv","og_locale":"vi_VN","og_type":"article","og_title":"S\u00fang \u0111i\u1ec7n 120.000kV - Baton - Ch\u00edch \u0110i\u1ec7n - X\u1ecbt Cay ch\u00ednh h\u00e3ng","og_description":"\u2705 Mi\u1ec5n ship to\u00e0n qu\u1ed1c \u2705 Nh\u1eadn h\u00e0ng ki\u1ec3m tra thanh to\u00e1n \u2705B\u1ea3o h\u00e0nh 1 th\u00e1ng l\u1ed7i 1 \u0111\u1ed5i 1","og_url":"https:\/\/dotuvechinhhang.vn\/?product=sung-dien-120-000kv","og_site_name":"Baton - Ch\u00edch \u0110i\u1ec7n - X\u1ecbt Cay ch\u00ednh h\u00e3ng","og_image":[{"width":300,"height":300,"url":"https:\/\/dotuvechinhhang.vn\/wp-content\/uploads\/2026\/02\/z7280021982906_20a387fd3bc22980f2553d4328273e1f-300x300-1.jpg","type":"image\/jpeg"}],"twitter_card":"summary_large_image","twitter_misc":{"\u01af\u1edbc t\u00ednh th\u1eddi gian \u0111\u1ecdc":"3 ph\u00fat"},"schema":{"@context":"https:\/\/schema.org","@graph":[{"@type":"WebPage","@id":"https:\/\/dotuvechinhhang.vn\/?product=sung-dien-120-000kv","url":"https:\/\/dotuvechinhhang.vn\/?product=sung-dien-120-000kv","name":"S\u00fang \u0111i\u1ec7n 120.000kV - Baton - Ch\u00edch \u0110i\u1ec7n - X\u1ecbt Cay ch\u00ednh h\u00e3ng","isPartOf":{"@id":"https:\/\/dotuvechinhhang.vn\/#website"},"primaryImageOfPage":{"@id":"https:\/\/dotuvechinhhang.vn\/?product=sung-dien-120-000kv#primaryimage"},"image":{"@id":"https:\/\/dotuvechinhhang.vn\/?product=sung-dien-120-000kv#primaryimage"},"thumbnailUrl":"https:\/\/dotuvechinhhang.vn\/wp-content\/uploads\/2026\/02\/z7280021982906_20a387fd3bc22980f2553d4328273e1f-300x300-1.jpg","datePublished":"2026-02-23T04:27:30+00:00","breadcrumb":{"@id":"https:\/\/dotuvechinhhang.vn\/?product=sung-dien-120-000kv#breadcrumb"},"inLanguage":"vi","potentialAction":[{"@type":"ReadAction","target":["https:\/\/dotuvechinhhang.vn\/?product=sung-dien-120-000kv"]}]},{"@type":"ImageObject","inLanguage":"vi","@id":"https:\/\/dotuvechinhhang.vn\/?product=sung-dien-120-000kv#primaryimage","url":"https:\/\/dotuvechinhhang.vn\/wp-content\/uploads\/2026\/02\/z7280021982906_20a387fd3bc22980f2553d4328273e1f-300x300-1.jpg","contentUrl":"https:\/\/dotuvechinhhang.vn\/wp-content\/uploads\/2026\/02\/z7280021982906_20a387fd3bc22980f2553d4328273e1f-300x300-1.jpg","width":300,"height":300},{"@type":"BreadcrumbList","@id":"https:\/\/dotuvechinhhang.vn\/?product=sung-dien-120-000kv#breadcrumb","itemListElement":[{"@type":"ListItem","position":1,"name":"Trang ch\u1ee7","item":"https:\/\/dotuvechinhhang.vn\/"},{"@type":"ListItem","position":2,"name":"S\u1ea3n ph\u1ea9m","item":"https:\/\/dotuvechinhhang.vn\/?post_type=product"},{"@type":"ListItem","position":3,"name":"S\u00fang \u0111i\u1ec7n 120.000kV"}]},{"@type":"WebSite","@id":"https:\/\/dotuvechinhhang.vn\/#website","url":"https:\/\/dotuvechinhhang.vn\/","name":"Baton - Ch\u00edch \u0110i\u1ec7n - X\u1ecbt Cay ch\u00ednh h\u00e3ng","description":"","potentialAction":[{"@type":"SearchAction","target":{"@type":"EntryPoint","urlTemplate":"https:\/\/dotuvechinhhang.vn\/?s={search_term_string}"},"query-input":{"@type":"PropertyValueSpecification","valueRequired":true,"valueName":"search_term_string"}}],"inLanguage":"vi"}]}},"_links":{"self":[{"href":"https:\/\/dotuvechinhhang.vn\/index.php?rest_route=\/wp\/v2\/product\/252","targetHints":{"allow":["GET"]}}],"collection":[{"href":"https:\/\/dotuvechinhhang.vn\/index.php?rest_route=\/wp\/v2\/product"}],"about":[{"href":"https:\/\/dotuvechinhhang.vn\/index.php?rest_route=\/wp\/v2\/types\/product"}],"wp:featuredmedia":[{"embeddable":true,"href":"https:\/\/dotuvechinhhang.vn\/index.php?rest_route=\/wp\/v2\/media\/256"}],"wp:attachment":[{"href":"https:\/\/dotuvechinhhang.vn\/index.php?rest_route=%2Fwp%2Fv2%2Fmedia&parent=252"}],"wp:term":[{"taxonomy":"product_brand","embeddable":true,"href":"https:\/\/dotuvechinhhang.vn\/index.php?rest_route=%2Fwp%2Fv2%2Fproduct_brand&post=252"},{"taxonomy":"product_cat","embeddable":true,"href":"https:\/\/dotuvechinhhang.vn\/index.php?rest_route=%2Fwp%2Fv2%2Fproduct_cat&post=252"},{"taxonomy":"product_tag","embeddable":true,"href":"https:\/\/dotuvechinhhang.vn\/index.php?rest_route=%2Fwp%2Fv2%2Fproduct_tag&post=252"}],"curies":[{"name":"wp","href":"https:\/\/api.w.org\/{rel}","templated":true}]}}