{"id":211,"date":"2026-02-23T11:15:28","date_gmt":"2026-02-23T04:15:28","guid":{"rendered":"https:\/\/dotuvechinhhang.vn\/?post_type=product&#038;p=211"},"modified":"2026-02-23T11:15:28","modified_gmt":"2026-02-23T04:15:28","slug":"den-pin-chich-dien-1108","status":"publish","type":"product","link":"https:\/\/dotuvechinhhang.vn\/?product=den-pin-chich-dien-1108","title":{"rendered":"\u0110\u00e8n pin ch\u00edch \u0111i\u1ec7n 1108"},"content":{"rendered":"<h2 data-start=\"194\" data-end=\"241\">\ud83d\udd26 \u0110\u00e8n pin t\u1ef1 v\u1ec7 <strong data-start=\"214\" data-end=\"222\">1108<\/strong> \u2014 Gi\u1edbi thi\u1ec7u chung<\/h2>\n<p data-start=\"243\" data-end=\"523\"><strong data-start=\"243\" data-end=\"259\">\u0110\u00e8n pin 1108<\/strong> l\u00e0 lo\u1ea1i <strong data-start=\"268\" data-end=\"300\">\u0111\u00e8n pin c\u1ea7m tay \u0111a ch\u1ee9c n\u0103ng<\/strong> v\u1edbi thi\u1ebft k\u1ebf v\u1eeba \u0111\u1ec3 <strong data-start=\"321\" data-end=\"333\">soi s\u00e1ng<\/strong> v\u1eeba \u0111\u01b0\u1ee3c t\u00edch h\u1ee3p t\u00ednh n\u0103ng <strong data-start=\"362\" data-end=\"382\">ph\u00f2ng th\u00e2n\/t\u1ef1 v\u1ec7<\/strong> \u2014 th\u01b0\u1eddng \u0111\u01b0\u1ee3c c\u00e1c c\u1eeda h\u00e0ng \u0111\u1ed3 t\u1ef1 v\u1ec7 gi\u1edbi thi\u1ec7u cho ng\u01b0\u1eddi \u0111i ngo\u00e0i bu\u1ed5i t\u1ed1i, \u0111i khuya hay n\u01a1i \u00edt ng\u01b0\u1eddi.<\/p>\n<h3 data-start=\"525\" data-end=\"548\">\ud83d\udca1 \u0110\u1eb7c \u0111i\u1ec3m n\u1ed5i b\u1eadt<\/h3>\n<ul data-start=\"550\" data-end=\"1352\">\n<li data-start=\"550\" data-end=\"671\">\n<p data-start=\"552\" data-end=\"671\"><strong data-start=\"552\" data-end=\"572\">Thi\u1ebft k\u1ebf nh\u1ecf g\u1ecdn<\/strong> \u2013 d\u1ec5 c\u1ea7m tay, b\u1ecf t\u00fai ho\u1eb7c treo balo khi di chuy\u1ec3n ban \u0111\u00eam.<\/p>\n<\/li>\n<li data-start=\"672\" data-end=\"775\">\n<p data-start=\"674\" data-end=\"775\"><strong data-start=\"674\" data-end=\"702\">V\u1ecf kim lo\u1ea1i t\u1ed5ng h\u1ee3p b\u1ec1n<\/strong> \u2013 ch\u1ecbu l\u1ef1c, ch\u1ed1ng tr\u01b0\u1ee3t khi n\u1eafm.<\/p>\n<\/li>\n<li data-start=\"776\" data-end=\"963\">\n<p data-start=\"778\" data-end=\"963\"><strong data-start=\"778\" data-end=\"801\">\u0110\u00e8n chi\u1ebfu s\u00e1ng m\u1ea1nh<\/strong> v\u1edbi nhi\u1ec1u ch\u1ebf \u0111\u1ed9: s\u00e1ng v\u1eeba, si\u00eau s\u00e1ng v\u00e0 ch\u1edbp nh\u00e1y \u2014 h\u1ed7 tr\u1ee3 chi\u1ebfu xa, quan s\u00e1t ph\u00eda tr\u01b0\u1edbc khi \u0111i \u0111\u01b0\u1eddng t\u1ed1i ho\u1eb7c c\u1ea3nh b\u00e1o.<\/p>\n<\/li>\n<li data-start=\"964\" data-end=\"1203\">\n<p data-start=\"966\" data-end=\"1203\"><strong data-start=\"966\" data-end=\"994\">T\u00edch h\u1ee3p t\u00ednh n\u0103ng t\u1ef1 v\u1ec7<\/strong> \u2013 s\u1ea3n ph\u1ea9m <em data-start=\"1006\" data-end=\"1020\">\u0111\u00e8n pin 1108<\/em> th\u01b0\u1eddng \u0111\u01b0\u1ee3c ng\u01b0\u1eddi d\u00f9ng m\u00f4 t\u1ea3 l\u00e0 c\u00f3 kh\u1ea3 n\u0103ng <strong data-start=\"1065\" data-end=\"1117\">t\u1ea1o xung \u0111i\u1ec7n\/ph\u00f3ng tia l\u1eeda \u0111i\u1ec7n \u1edf c\u1ea1nh thi\u1ebft b\u1ecb<\/strong> khi c\u1ea7n \u0111\u1ec3 g\u00e2y cho\u00e1ng \u0111\u1ed1i t\u01b0\u1ee3ng ti\u1ebfp x\u00fac g\u1ea7n.<\/p>\n<\/li>\n<li data-start=\"1204\" data-end=\"1352\">\n<p data-start=\"1206\" data-end=\"1352\"><strong data-start=\"1206\" data-end=\"1226\">Pin s\u1ea1c t\u00edch h\u1ee3p<\/strong> \u2013 s\u1ea1c tr\u1ef1c ti\u1ebfp b\u1eb1ng ngu\u1ed3n \u0111i\u1ec7n gia \u0111\u00ecnh, c\u00f3 th\u1ec3 d\u00f9ng li\u00ean t\u1ee5c v\u00e0i gi\u1edd sau m\u1ed7i l\u1ea7n s\u1ea1c.<\/p>\n<\/li>\n<\/ul>\n<p data-start=\"1354\" data-end=\"1621\">\ud83d\udca1 M\u1ed9t s\u1ed1 ng\u01b0\u1eddi d\u00f9ng \u0111\u00e1nh gi\u00e1 r\u1eb1ng <em data-start=\"1389\" data-end=\"1414\">\u0111\u00e8n pin ch\u00edch \u0111i\u1ec7n 1108<\/em> c\u00f3 th\u1ec3 d\u00f9ng \u0111\u1ec3 <strong data-start=\"1430\" data-end=\"1487\">t\u1ef1 v\u1ec7 b\u1ea3n th\u00e2n khi g\u1eb7p t\u00ecnh hu\u1ed1ng nguy hi\u1ec3m b\u00ean ngo\u00e0i<\/strong>, b\u1edfi n\u00f3 v\u1eeba l\u00e0 \u0111\u00e8n pin chi\u1ebfu s\u00e1ng v\u1eeba c\u00f3 t\u00e1c d\u1ee5ng g\u00e2y b\u1ea5t ng\u1edd khi ch\u1ea1m v\u00e0o \u0111\u1ed1i t\u01b0\u1ee3ng nguy hi\u1ec3m.<\/p>\n<hr data-start=\"1623\" data-end=\"1626\" \/>\n<h2 data-start=\"1628\" data-end=\"1684\">\ud83d\udccc Th\u00f4ng s\u1ed1 tham kh\u1ea3o (theo m\u00f4 t\u1ea3 t\u1eeb ng\u01b0\u1eddi d\u00f9ng\/shop)<\/h2>\n<div class=\"TyagGW_tableContainer\">\n<div class=\"group TyagGW_tableWrapper flex flex-col-reverse w-fit\" tabindex=\"-1\">\n<table class=\"w-fit min-w-(--thread-content-width)\" data-start=\"1686\" data-end=\"2191\">\n<thead data-start=\"1686\" data-end=\"1706\">\n<tr data-start=\"1686\" data-end=\"1706\">\n<th class=\"\" data-start=\"1686\" data-end=\"1697\" data-col-size=\"sm\">Ti\u00eau ch\u00ed<\/th>\n<th class=\"\" data-start=\"1697\" data-end=\"1706\" data-col-size=\"md\">M\u00f4 t\u1ea3<\/th>\n<\/tr>\n<\/thead>\n<tbody data-start=\"1728\" data-end=\"2191\">\n<tr data-start=\"1728\" data-end=\"1769\">\n<td data-start=\"1728\" data-end=\"1747\" data-col-size=\"sm\"><strong data-start=\"1730\" data-end=\"1746\">T\u00ean s\u1ea3n ph\u1ea9m<\/strong><\/td>\n<td data-start=\"1747\" data-end=\"1769\" data-col-size=\"md\">\u0110\u00e8n pin t\u1ef1 v\u1ec7 1108<\/td>\n<\/tr>\n<tr data-start=\"1770\" data-end=\"1834\">\n<td data-start=\"1770\" data-end=\"1792\" data-col-size=\"sm\"><strong data-start=\"1772\" data-end=\"1791\">Ch\u1ee9c n\u0103ng ch\u00ednh<\/strong><\/td>\n<td data-col-size=\"md\" data-start=\"1792\" data-end=\"1834\">Chi\u1ebfu s\u00e1ng + ch\u1ee9c n\u0103ng xung \u0111i\u1ec7n t\u1ef1 v\u1ec7<\/td>\n<\/tr>\n<tr data-start=\"1835\" data-end=\"1885\">\n<td data-start=\"1835\" data-end=\"1856\" data-col-size=\"sm\"><strong data-start=\"1837\" data-end=\"1855\">Ch\u1ea5t li\u1ec7u th\u00e2n<\/strong><\/td>\n<td data-col-size=\"md\" data-start=\"1856\" data-end=\"1885\">Kim lo\u1ea1i b\u1ec1n, ch\u1ecbu va \u0111\u1eadp<\/td>\n<\/tr>\n<tr data-start=\"1886\" data-end=\"1955\">\n<td data-start=\"1886\" data-end=\"1910\" data-col-size=\"sm\"><strong data-start=\"1888\" data-end=\"1909\">Ch\u1ebf \u0111\u1ed9 chi\u1ebfu s\u00e1ng<\/strong><\/td>\n<td data-col-size=\"md\" data-start=\"1910\" data-end=\"1955\">Nhi\u1ec1u ch\u1ebf \u0111\u1ed9: s\u00e1ng v\u1eeba \u2013 si\u00eau s\u00e1ng \u2013 ch\u1edbp<\/td>\n<\/tr>\n<tr data-start=\"1956\" data-end=\"1999\">\n<td data-start=\"1956\" data-end=\"1981\" data-col-size=\"sm\"><strong data-start=\"1958\" data-end=\"1980\">Ph\u1ea1m vi chi\u1ebfu s\u00e1ng<\/strong><\/td>\n<td data-col-size=\"md\" data-start=\"1981\" data-end=\"1999\">Kho\u1ea3ng v\u00e0i m\u00e9t<\/td>\n<\/tr>\n<tr data-start=\"2000\" data-end=\"2030\">\n<td data-start=\"2000\" data-end=\"2010\" data-col-size=\"sm\"><strong data-start=\"2002\" data-end=\"2009\">Pin<\/strong><\/td>\n<td data-start=\"2010\" data-end=\"2030\" data-col-size=\"md\">Pin s\u1ea1c t\u00edch h\u1ee3p<\/td>\n<\/tr>\n<tr data-start=\"2031\" data-end=\"2191\">\n<td data-start=\"2031\" data-end=\"2070\" data-col-size=\"sm\"><strong data-start=\"2033\" data-end=\"2069\">D\u00f2ng \u0111i\u1ec7n ph\u00f3ng (khi d\u00f9ng t\u1ef1 v\u1ec7)<\/strong><\/td>\n<td data-start=\"2070\" data-end=\"2191\" data-col-size=\"md\">Kho\u1ea3ng 35.000 kV \u0111\u01b0\u1ee3c m\u00f4 t\u1ea3 b\u1edfi ng\u01b0\u1eddi d\u00f9ng (kh\u00f4ng ph\u1ea3i th\u00f4ng s\u1ed1 k\u1ef9 thu\u1eadt chu\u1ea9n)<\/td>\n<\/tr>\n<\/tbody>\n<\/table>\n<\/div>\n<\/div>\n","protected":false},"excerpt":{"rendered":"<div>\u2705 Mi\u1ec5n ship to\u00e0n qu\u1ed1c<\/div>\n<div>\u2705 Nh\u1eadn h\u00e0ng ki\u1ec3m tra thanh to\u00e1n<\/div>\n<div>\u2705B\u1ea3o h\u00e0nh 1 th\u00e1ng l\u1ed7i 1 \u0111\u1ed5i 1<\/div>\n<div><\/div>\n<div><\/div>\n","protected":false},"featured_media":212,"template":"","meta":[],"product_brand":[],"product_cat":[21,30],"product_tag":[],"class_list":{"0":"post-211","1":"product","2":"type-product","3":"status-publish","4":"has-post-thumbnail","6":"product_cat-chich-dien","7":"product_cat-den-pin-chich-dien","9":"first","10":"instock","11":"shipping-taxable","12":"purchasable","13":"product-type-simple"},"yoast_head":"<!-- This site is optimized with the Yoast SEO plugin v27.0 - https:\/\/yoast.com\/product\/yoast-seo-wordpress\/ -->\n<title>\u0110\u00e8n pin ch\u00edch \u0111i\u1ec7n 1108 - Baton - Ch\u00edch \u0110i\u1ec7n - X\u1ecbt Cay ch\u00ednh h\u00e3ng<\/title>\n<meta name=\"robots\" content=\"index, follow, max-snippet:-1, max-image-preview:large, max-video-preview:-1\" \/>\n<link rel=\"canonical\" href=\"https:\/\/dotuvechinhhang.vn\/?product=den-pin-chich-dien-1108\" \/>\n<meta property=\"og:locale\" content=\"vi_VN\" \/>\n<meta property=\"og:type\" content=\"article\" \/>\n<meta property=\"og:title\" content=\"\u0110\u00e8n pin ch\u00edch \u0111i\u1ec7n 1108 - Baton - Ch\u00edch \u0110i\u1ec7n - X\u1ecbt Cay ch\u00ednh h\u00e3ng\" \/>\n<meta property=\"og:description\" content=\"\u2705 Mi\u1ec5n ship to\u00e0n qu\u1ed1c \u2705 Nh\u1eadn h\u00e0ng ki\u1ec3m tra thanh to\u00e1n \u2705B\u1ea3o h\u00e0nh 1 th\u00e1ng l\u1ed7i 1 \u0111\u1ed5i 1\" \/>\n<meta property=\"og:url\" content=\"https:\/\/dotuvechinhhang.vn\/?product=den-pin-chich-dien-1108\" \/>\n<meta property=\"og:site_name\" content=\"Baton - Ch\u00edch \u0110i\u1ec7n - X\u1ecbt Cay ch\u00ednh h\u00e3ng\" \/>\n<meta property=\"og:image\" content=\"https:\/\/dotuvechinhhang.vn\/wp-content\/uploads\/2026\/02\/z7280022018710_6db63a288c2f618b5d21735ccff3d35d-300x300-1.jpg\" \/>\n\t<meta property=\"og:image:width\" content=\"300\" \/>\n\t<meta property=\"og:image:height\" content=\"300\" \/>\n\t<meta property=\"og:image:type\" content=\"image\/jpeg\" \/>\n<meta name=\"twitter:card\" content=\"summary_large_image\" \/>\n<meta name=\"twitter:label1\" content=\"\u01af\u1edbc t\u00ednh th\u1eddi gian \u0111\u1ecdc\" \/>\n\t<meta name=\"twitter:data1\" content=\"2 ph\u00fat\" \/>\n<script type=\"application\/ld+json\" class=\"yoast-schema-graph\">{\"@context\":\"https:\/\/schema.org\",\"@graph\":[{\"@type\":\"WebPage\",\"@id\":\"https:\/\/dotuvechinhhang.vn\/?product=den-pin-chich-dien-1108\",\"url\":\"https:\/\/dotuvechinhhang.vn\/?product=den-pin-chich-dien-1108\",\"name\":\"\u0110\u00e8n pin ch\u00edch \u0111i\u1ec7n 1108 - Baton - Ch\u00edch \u0110i\u1ec7n - X\u1ecbt Cay ch\u00ednh h\u00e3ng\",\"isPartOf\":{\"@id\":\"https:\/\/dotuvechinhhang.vn\/#website\"},\"primaryImageOfPage\":{\"@id\":\"https:\/\/dotuvechinhhang.vn\/?product=den-pin-chich-dien-1108#primaryimage\"},\"image\":{\"@id\":\"https:\/\/dotuvechinhhang.vn\/?product=den-pin-chich-dien-1108#primaryimage\"},\"thumbnailUrl\":\"https:\/\/dotuvechinhhang.vn\/wp-content\/uploads\/2026\/02\/z7280022018710_6db63a288c2f618b5d21735ccff3d35d-300x300-1.jpg\",\"datePublished\":\"2026-02-23T04:15:28+00:00\",\"breadcrumb\":{\"@id\":\"https:\/\/dotuvechinhhang.vn\/?product=den-pin-chich-dien-1108#breadcrumb\"},\"inLanguage\":\"vi\",\"potentialAction\":[{\"@type\":\"ReadAction\",\"target\":[\"https:\/\/dotuvechinhhang.vn\/?product=den-pin-chich-dien-1108\"]}]},{\"@type\":\"ImageObject\",\"inLanguage\":\"vi\",\"@id\":\"https:\/\/dotuvechinhhang.vn\/?product=den-pin-chich-dien-1108#primaryimage\",\"url\":\"https:\/\/dotuvechinhhang.vn\/wp-content\/uploads\/2026\/02\/z7280022018710_6db63a288c2f618b5d21735ccff3d35d-300x300-1.jpg\",\"contentUrl\":\"https:\/\/dotuvechinhhang.vn\/wp-content\/uploads\/2026\/02\/z7280022018710_6db63a288c2f618b5d21735ccff3d35d-300x300-1.jpg\",\"width\":300,\"height\":300},{\"@type\":\"BreadcrumbList\",\"@id\":\"https:\/\/dotuvechinhhang.vn\/?product=den-pin-chich-dien-1108#breadcrumb\",\"itemListElement\":[{\"@type\":\"ListItem\",\"position\":1,\"name\":\"Trang ch\u1ee7\",\"item\":\"https:\/\/dotuvechinhhang.vn\/\"},{\"@type\":\"ListItem\",\"position\":2,\"name\":\"S\u1ea3n ph\u1ea9m\",\"item\":\"https:\/\/dotuvechinhhang.vn\/?post_type=product\"},{\"@type\":\"ListItem\",\"position\":3,\"name\":\"\u0110\u00e8n pin ch\u00edch \u0111i\u1ec7n 1108\"}]},{\"@type\":\"WebSite\",\"@id\":\"https:\/\/dotuvechinhhang.vn\/#website\",\"url\":\"https:\/\/dotuvechinhhang.vn\/\",\"name\":\"Baton - Ch\u00edch \u0110i\u1ec7n - X\u1ecbt Cay ch\u00ednh h\u00e3ng\",\"description\":\"\",\"potentialAction\":[{\"@type\":\"SearchAction\",\"target\":{\"@type\":\"EntryPoint\",\"urlTemplate\":\"https:\/\/dotuvechinhhang.vn\/?s={search_term_string}\"},\"query-input\":{\"@type\":\"PropertyValueSpecification\",\"valueRequired\":true,\"valueName\":\"search_term_string\"}}],\"inLanguage\":\"vi\"}]}<\/script>\n<!-- \/ Yoast SEO plugin. -->","yoast_head_json":{"title":"\u0110\u00e8n pin ch\u00edch \u0111i\u1ec7n 1108 - Baton - Ch\u00edch \u0110i\u1ec7n - X\u1ecbt Cay ch\u00ednh h\u00e3ng","robots":{"index":"index","follow":"follow","max-snippet":"max-snippet:-1","max-image-preview":"max-image-preview:large","max-video-preview":"max-video-preview:-1"},"canonical":"https:\/\/dotuvechinhhang.vn\/?product=den-pin-chich-dien-1108","og_locale":"vi_VN","og_type":"article","og_title":"\u0110\u00e8n pin ch\u00edch \u0111i\u1ec7n 1108 - Baton - Ch\u00edch \u0110i\u1ec7n - X\u1ecbt Cay ch\u00ednh h\u00e3ng","og_description":"\u2705 Mi\u1ec5n ship to\u00e0n qu\u1ed1c \u2705 Nh\u1eadn h\u00e0ng ki\u1ec3m tra thanh to\u00e1n \u2705B\u1ea3o h\u00e0nh 1 th\u00e1ng l\u1ed7i 1 \u0111\u1ed5i 1","og_url":"https:\/\/dotuvechinhhang.vn\/?product=den-pin-chich-dien-1108","og_site_name":"Baton - Ch\u00edch \u0110i\u1ec7n - X\u1ecbt Cay ch\u00ednh h\u00e3ng","og_image":[{"width":300,"height":300,"url":"https:\/\/dotuvechinhhang.vn\/wp-content\/uploads\/2026\/02\/z7280022018710_6db63a288c2f618b5d21735ccff3d35d-300x300-1.jpg","type":"image\/jpeg"}],"twitter_card":"summary_large_image","twitter_misc":{"\u01af\u1edbc t\u00ednh th\u1eddi gian \u0111\u1ecdc":"2 ph\u00fat"},"schema":{"@context":"https:\/\/schema.org","@graph":[{"@type":"WebPage","@id":"https:\/\/dotuvechinhhang.vn\/?product=den-pin-chich-dien-1108","url":"https:\/\/dotuvechinhhang.vn\/?product=den-pin-chich-dien-1108","name":"\u0110\u00e8n pin ch\u00edch \u0111i\u1ec7n 1108 - Baton - Ch\u00edch \u0110i\u1ec7n - X\u1ecbt Cay ch\u00ednh h\u00e3ng","isPartOf":{"@id":"https:\/\/dotuvechinhhang.vn\/#website"},"primaryImageOfPage":{"@id":"https:\/\/dotuvechinhhang.vn\/?product=den-pin-chich-dien-1108#primaryimage"},"image":{"@id":"https:\/\/dotuvechinhhang.vn\/?product=den-pin-chich-dien-1108#primaryimage"},"thumbnailUrl":"https:\/\/dotuvechinhhang.vn\/wp-content\/uploads\/2026\/02\/z7280022018710_6db63a288c2f618b5d21735ccff3d35d-300x300-1.jpg","datePublished":"2026-02-23T04:15:28+00:00","breadcrumb":{"@id":"https:\/\/dotuvechinhhang.vn\/?product=den-pin-chich-dien-1108#breadcrumb"},"inLanguage":"vi","potentialAction":[{"@type":"ReadAction","target":["https:\/\/dotuvechinhhang.vn\/?product=den-pin-chich-dien-1108"]}]},{"@type":"ImageObject","inLanguage":"vi","@id":"https:\/\/dotuvechinhhang.vn\/?product=den-pin-chich-dien-1108#primaryimage","url":"https:\/\/dotuvechinhhang.vn\/wp-content\/uploads\/2026\/02\/z7280022018710_6db63a288c2f618b5d21735ccff3d35d-300x300-1.jpg","contentUrl":"https:\/\/dotuvechinhhang.vn\/wp-content\/uploads\/2026\/02\/z7280022018710_6db63a288c2f618b5d21735ccff3d35d-300x300-1.jpg","width":300,"height":300},{"@type":"BreadcrumbList","@id":"https:\/\/dotuvechinhhang.vn\/?product=den-pin-chich-dien-1108#breadcrumb","itemListElement":[{"@type":"ListItem","position":1,"name":"Trang ch\u1ee7","item":"https:\/\/dotuvechinhhang.vn\/"},{"@type":"ListItem","position":2,"name":"S\u1ea3n ph\u1ea9m","item":"https:\/\/dotuvechinhhang.vn\/?post_type=product"},{"@type":"ListItem","position":3,"name":"\u0110\u00e8n pin ch\u00edch \u0111i\u1ec7n 1108"}]},{"@type":"WebSite","@id":"https:\/\/dotuvechinhhang.vn\/#website","url":"https:\/\/dotuvechinhhang.vn\/","name":"Baton - Ch\u00edch \u0110i\u1ec7n - X\u1ecbt Cay ch\u00ednh h\u00e3ng","description":"","potentialAction":[{"@type":"SearchAction","target":{"@type":"EntryPoint","urlTemplate":"https:\/\/dotuvechinhhang.vn\/?s={search_term_string}"},"query-input":{"@type":"PropertyValueSpecification","valueRequired":true,"valueName":"search_term_string"}}],"inLanguage":"vi"}]}},"_links":{"self":[{"href":"https:\/\/dotuvechinhhang.vn\/index.php?rest_route=\/wp\/v2\/product\/211","targetHints":{"allow":["GET"]}}],"collection":[{"href":"https:\/\/dotuvechinhhang.vn\/index.php?rest_route=\/wp\/v2\/product"}],"about":[{"href":"https:\/\/dotuvechinhhang.vn\/index.php?rest_route=\/wp\/v2\/types\/product"}],"wp:featuredmedia":[{"embeddable":true,"href":"https:\/\/dotuvechinhhang.vn\/index.php?rest_route=\/wp\/v2\/media\/212"}],"wp:attachment":[{"href":"https:\/\/dotuvechinhhang.vn\/index.php?rest_route=%2Fwp%2Fv2%2Fmedia&parent=211"}],"wp:term":[{"taxonomy":"product_brand","embeddable":true,"href":"https:\/\/dotuvechinhhang.vn\/index.php?rest_route=%2Fwp%2Fv2%2Fproduct_brand&post=211"},{"taxonomy":"product_cat","embeddable":true,"href":"https:\/\/dotuvechinhhang.vn\/index.php?rest_route=%2Fwp%2Fv2%2Fproduct_cat&post=211"},{"taxonomy":"product_tag","embeddable":true,"href":"https:\/\/dotuvechinhhang.vn\/index.php?rest_route=%2Fwp%2Fv2%2Fproduct_tag&post=211"}],"curies":[{"name":"wp","href":"https:\/\/api.w.org\/{rel}","templated":true}]}}