{"id":164,"date":"2026-02-23T10:54:23","date_gmt":"2026-02-23T03:54:23","guid":{"rendered":"https:\/\/dotuvechinhhang.vn\/?post_type=product&#038;p=164"},"modified":"2026-02-23T10:54:23","modified_gmt":"2026-02-23T03:54:23","slug":"binh-xit-hoi-cay-nato-20ml","status":"publish","type":"product","link":"https:\/\/dotuvechinhhang.vn\/?product=binh-xit-hoi-cay-nato-20ml","title":{"rendered":"B\u00ecnh x\u1ecbt h\u01a1i cay Nato 20ml"},"content":{"rendered":"<h2 data-start=\"175\" data-end=\"233\">\ud83e\uddef B\u00ecnh x\u1ecbt h\u01a1i cay <strong data-start=\"198\" data-end=\"212\">NATO 20 ml<\/strong> \u2014 T\u1ed5ng quan s\u1ea3n ph\u1ea9m<\/h2>\n<p data-start=\"235\" data-end=\"415\"><strong data-start=\"235\" data-end=\"252\">T\u00ean s\u1ea3n ph\u1ea9m:<\/strong> B\u00ecnh x\u1ecbt h\u01a1i cay NATO 20 ml<br data-start=\"280\" data-end=\"283\" \/><strong data-start=\"283\" data-end=\"292\">Lo\u1ea1i:<\/strong> X\u1ecbt h\u01a1i cay t\u1ef1 v\u1ec7 c\u1ea7m tay<br data-start=\"318\" data-end=\"321\" \/><strong data-start=\"321\" data-end=\"335\">Dung t\u00edch:<\/strong> ~20 ml<br data-start=\"342\" data-end=\"345\" \/><strong data-start=\"345\" data-end=\"358\">M\u1ee5c \u0111\u00edch:<\/strong> Ph\u00f2ng th\u00e2n, t\u1ef1 v\u1ec7 c\u00e1 nh\u00e2n trong c\u00e1c t\u00ecnh hu\u1ed1ng nguy hi\u1ec3m<\/p>\n<p data-start=\"417\" data-end=\"944\">\ud83d\udd0e B\u00ecnh x\u1ecbt h\u01a1i cay <strong data-start=\"437\" data-end=\"445\">NATO<\/strong> l\u00e0 d\u00f2ng s\u1ea3n ph\u1ea9m h\u01a1i cay ph\u1ed5 bi\u1ebfn t\u1ea1i c\u00e1c c\u1eeda h\u00e0ng d\u1ee5ng c\u1ee5 t\u1ef1 v\u1ec7 \u2014 \u201cNATO\u201d th\u01b0\u1eddng l\u00e0 <strong data-start=\"530\" data-end=\"558\">t\u00ean g\u1ecdi th\u01b0\u01a1ng m\u1ea1i chung<\/strong> (kh\u00f4ng ph\u1ea3i ti\u00eau chu\u1ea9n qu\u00e2n s\u1ef1 NATO th\u1ef1c s\u1ef1), nh\u01b0ng \u0111\u01b0\u1ee3c d\u00f9ng \u0111\u1ec3 nh\u1ea5n m\u1ea1nh t\u00ednh <em data-start=\"639\" data-end=\"676\">t\u00e1c \u0111\u1ed9ng m\u1ea1nh v\u00e0 thi\u1ebft k\u1ebf cho t\u1ef1 v\u1ec7<\/em>. M\u1ed9t s\u1ed1 ng\u01b0\u1eddi d\u00f9ng \u0111\u00e1nh gi\u00e1 d\u00f2ng NATO l\u00e0 l\u1ef1a ch\u1ecdn gi\u00e1 r\u1ebb trong nh\u00f3m b\u00ecnh x\u1ecbt h\u01a1i cay, nh\u01b0ng kh\u00f4ng \u00edt ng\u01b0\u1eddi trong c\u1ed9ng \u0111\u1ed3ng t\u1ef1 v\u1ec7 n\u00f3i r\u1eb1ng c\u00f3 th\u1ec3 <strong data-start=\"822\" data-end=\"905\">hi\u1ec7u qu\u1ea3 kh\u00f4ng \u1ed5n \u0111\u1ecbnh h\u01a1n so v\u1edbi c\u00e1c th\u01b0\u01a1ng hi\u1ec7u n\u1ed5i ti\u1ebfng chuy\u00ean d\u1ee5ng cao c\u1ea5p<\/strong>.<\/p>\n<hr data-start=\"946\" data-end=\"949\" \/>\n<h2 data-start=\"951\" data-end=\"973\">\ud83e\uddf4 \u0110\u1eb7c \u0111i\u1ec3m n\u1ed5i b\u1eadt<\/h2>\n<h3 data-start=\"975\" data-end=\"1008\">\ud83d\udccf <strong data-start=\"982\" data-end=\"1008\">K\u00edch th\u01b0\u1edbc v\u00e0 thi\u1ebft k\u1ebf<\/strong><\/h3>\n<ul data-start=\"1009\" data-end=\"1337\">\n<li data-start=\"1009\" data-end=\"1097\">\n<p data-start=\"1011\" data-end=\"1097\">Thi\u1ebft k\u1ebf <strong data-start=\"1020\" data-end=\"1040\">nh\u1ecf g\u1ecdn (~20 ml)<\/strong>, d\u1ec5 mang theo trong t\u00fai x\u00e1ch, balo ho\u1eb7c m\u00f3c ch\u00eca kh\u00f3a.<\/p>\n<\/li>\n<li data-start=\"1098\" data-end=\"1240\">\n<p data-start=\"1100\" data-end=\"1240\">Dung t\u00edch 20 ml th\u01b0\u1eddng <em data-start=\"1123\" data-end=\"1131\">\u00edt h\u01a1n<\/em> so v\u1edbi c\u00e1c lo\u1ea1i to h\u01a1n (30 ml, 50 ml, 110 ml), n\u00ean x\u1ecbt \u0111\u01b0\u1ee3c \u00edt l\u1ea7n h\u01a1n nh\u01b0ng \u0111\u1ee7 cho t\u00ecnh hu\u1ed1ng t\u1ef1 v\u1ec7 ng\u1eafn.<\/p>\n<\/li>\n<li data-start=\"1241\" data-end=\"1337\">\n<p data-start=\"1243\" data-end=\"1337\">Ph\u1ea7n v\u1ecf th\u01b0\u1eddng l\u00e0m b\u1eb1ng <strong data-start=\"1267\" data-end=\"1303\">kim lo\u1ea1i ho\u1eb7c ch\u1ea5t li\u1ec7u c\u1ee9ng b\u1ec1n<\/strong>, c\u00f3 n\u1eafp b\u1ea3o v\u1ec7 \u0111\u1ec3 tr\u00e1nh x\u1ecbt nh\u1ea7m.<\/p>\n<\/li>\n<\/ul>\n<h3 data-start=\"1339\" data-end=\"1370\">\ud83d\ude80 <strong data-start=\"1346\" data-end=\"1370\">Ph\u1ea1m vi v\u00e0 c\u00e1ch phun<\/strong><\/h3>\n<ul data-start=\"1371\" data-end=\"1603\">\n<li data-start=\"1371\" data-end=\"1464\">\n<p data-start=\"1373\" data-end=\"1464\">B\u00ecnh x\u1ecbt nh\u1ecf th\u01b0\u1eddng phun d\u1ea1ng <strong data-start=\"1403\" data-end=\"1421\">tia ho\u1eb7c s\u01b0\u01a1ng<\/strong>, gi\u00fap m\u1ee5c ti\u00eau ti\u1ebfp x\u00fac ch\u1ea5t cay d\u1ec5 h\u01a1n.<\/p>\n<\/li>\n<li data-start=\"1465\" data-end=\"1603\">\n<p data-start=\"1467\" data-end=\"1603\">Ph\u1ea1m vi phun hi\u1ec7u qu\u1ea3 \u1edf c\u00e1c b\u00ecnh 20 ml th\u01b0\u1eddng <em data-start=\"1513\" data-end=\"1531\">k\u00e9m h\u01a1n b\u00ecnh l\u1edbn<\/em>, nh\u01b0ng v\u1eabn \u0111\u1ee7 \u0111\u1ec3 <strong data-start=\"1549\" data-end=\"1584\">\u0103ng kho\u1ea3ng c\u00e1ch an to\u00e0n v\u00e0i m\u00e9t<\/strong> so v\u1edbi \u0111\u1ed1i ph\u01b0\u01a1ng.<\/p>\n<\/li>\n<\/ul>\n<h3 data-start=\"1605\" data-end=\"1637\">\ud83c\udf36\ufe0f <strong data-start=\"1613\" data-end=\"1637\">T\u00e1c d\u1ee5ng c\u1ee7a h\u01a1i cay<\/strong><\/h3>\n<ul data-start=\"1638\" data-end=\"1986\">\n<li data-start=\"1638\" data-end=\"1857\">\n<p data-start=\"1640\" data-end=\"1857\">H\u01a1i cay ch\u1ee9a ho\u1ea1t ch\u1ea5t t\u01b0\u01a1ng t\u1ef1 <strong data-start=\"1672\" data-end=\"1690\">capsaicin (OC)<\/strong>, g\u00e2y <strong data-start=\"1696\" data-end=\"1750\">cay m\u1eaft m\u1ea1nh, ch\u1ea3y n\u01b0\u1edbc m\u1eaft, ho, kh\u00f3 ch\u1ecbu t\u1ea1m th\u1eddi<\/strong> khi ti\u1ebfp x\u00fac v\u1edbi m\u1eaft, m\u0169i ho\u1eb7c m\u1eb7t \u2014 \u0111\u1ee7 \u0111\u1ec3 l\u00e0m k\u1ebb t\u1ea5n c\u00f4ng m\u1ea5t ph\u01b0\u01a1ng h\u01b0\u1edbng v\u00e0 t\u1ea1o th\u1eddi gian ch\u1ea1y tho\u00e1t.<\/p>\n<\/li>\n<li data-start=\"1858\" data-end=\"1986\">\n<p data-start=\"1860\" data-end=\"1986\">Hi\u1ec7u qu\u1ea3 ch\u1ec9 l\u00e0 <em data-start=\"1876\" data-end=\"1886\">t\u1ea1m th\u1eddi<\/em> v\u00e0 kh\u00f4ng g\u00e2y th\u01b0\u01a1ng t\u00edch nghi\u00eam tr\u1ecdng n\u1ebfu d\u00f9ng \u0111\u00fang m\u1ee5c \u0111\u00edch.<\/p>\n<\/li>\n<\/ul>\n<hr data-start=\"1988\" data-end=\"1991\" \/>\n<h2 data-start=\"1993\" data-end=\"2020\">\ud83d\udccc \u01afu \u0111i\u1ec3m c\u1ee7a b\u1ea3n 20 ml<\/h2>\n<p data-start=\"2022\" data-end=\"2110\">\u2714 <strong data-start=\"2024\" data-end=\"2055\">G\u1ecdn nh\u1eb9 \u2014 t\u00ednh di \u0111\u1ed9ng cao:<\/strong><br data-start=\"2055\" data-end=\"2058\" \/>Bao x\u00e1ch, t\u00fai qu\u1ea7n hay m\u00f3c ch\u00eca kh\u00f3a \u0111\u1ec1u d\u1ec5 c\u1ea5t gi\u1eef.<\/p>\n<p data-start=\"2112\" data-end=\"2228\">\u2714 <strong data-start=\"2114\" data-end=\"2142\">Ph\u00f9 h\u1ee3p s\u1eed d\u1ee5ng c\u00e1 nh\u00e2n:<\/strong><br data-start=\"2142\" data-end=\"2145\" \/>D\u00e0nh cho ng\u01b0\u1eddi \u0111i b\u1ed9, sinh vi\u00ean, ng\u01b0\u1eddi \u0111i l\u00e0m,\u2026 mu\u1ed1n c\u00f3 c\u00f4ng c\u1ee5 ph\u00f2ng th\u00e2n nh\u1ecf g\u1ecdn.<\/p>\n<p data-start=\"2230\" data-end=\"2304\">\u2714 <strong data-start=\"2232\" data-end=\"2248\">D\u1ec5 thao t\u00e1c:<\/strong><br data-start=\"2248\" data-end=\"2251\" \/>Ch\u1ec9 c\u1ea7n b\u00f3p nh\u1eb9 \u0111\u1ec3 phun, kh\u00f4ng c\u1ea7n k\u1ef9 thu\u1eadt ph\u1ee9c t\u1ea1p.<\/p>\n","protected":false},"excerpt":{"rendered":"<div>\u2705 Mi\u1ec5n ship to\u00e0n qu\u1ed1c<\/div>\n<div>\u2705 Nh\u1eadn h\u00e0ng ki\u1ec3m tra thanh to\u00e1n<\/div>\n<div>\u2705B\u1ea3o h\u00e0nh 1 th\u00e1ng l\u1ed7i 1 \u0111\u1ed5i 1<\/div>\n<div><\/div>\n<div><\/div>\n","protected":false},"featured_media":167,"template":"","meta":[],"product_brand":[],"product_cat":[35,22],"product_tag":[],"class_list":{"0":"post-164","1":"product","2":"type-product","3":"status-publish","4":"has-post-thumbnail","6":"product_cat-xit-cay-nato","7":"product_cat-xit-hoi-cay","9":"first","10":"instock","11":"shipping-taxable","12":"purchasable","13":"product-type-simple"},"yoast_head":"<!-- This site is optimized with the Yoast SEO plugin v27.0 - https:\/\/yoast.com\/product\/yoast-seo-wordpress\/ -->\n<title>B\u00ecnh x\u1ecbt h\u01a1i cay Nato 20ml - Baton - Ch\u00edch \u0110i\u1ec7n - X\u1ecbt Cay ch\u00ednh h\u00e3ng<\/title>\n<meta name=\"description\" content=\"\ud83e\uddef B\u00ecnh x\u1ecbt h\u01a1i cay NATO 20 ml \u2014 T\u1ed5ng quan s\u1ea3n ph\u1ea9mT\u00ean s\u1ea3n ph\u1ea9m: B\u00ecnh x\u1ecbt h\u01a1i cay NATO 20 mlLo\u1ea1i: X\u1ecbt h\u01a1i cay t\u1ef1 v\u1ec7 c\u1ea7m tayDung t\u00edch: ~20 mlM\u1ee5c \u0111\u00edch: Ph\u00f2ng th\u00e2n, t\u1ef1 v\u1ec7 c\u00e1 nh\u00e2n trong c\u00e1c t\u00ecnh hu\u1ed1ng nguy hi\u1ec3m\" \/>\n<meta name=\"robots\" content=\"index, follow, max-snippet:-1, max-image-preview:large, max-video-preview:-1\" \/>\n<link rel=\"canonical\" href=\"https:\/\/dotuvechinhhang.vn\/?product=binh-xit-hoi-cay-nato-20ml\" \/>\n<meta property=\"og:locale\" content=\"vi_VN\" \/>\n<meta property=\"og:type\" content=\"article\" \/>\n<meta property=\"og:title\" content=\"B\u00ecnh x\u1ecbt h\u01a1i cay Nato 20ml - Baton - Ch\u00edch \u0110i\u1ec7n - X\u1ecbt Cay ch\u00ednh h\u00e3ng\" \/>\n<meta property=\"og:description\" content=\"\ud83e\uddef B\u00ecnh x\u1ecbt h\u01a1i cay NATO 20 ml \u2014 T\u1ed5ng quan s\u1ea3n ph\u1ea9mT\u00ean s\u1ea3n ph\u1ea9m: B\u00ecnh x\u1ecbt h\u01a1i cay NATO 20 mlLo\u1ea1i: X\u1ecbt h\u01a1i cay t\u1ef1 v\u1ec7 c\u1ea7m tayDung t\u00edch: ~20 mlM\u1ee5c \u0111\u00edch: Ph\u00f2ng th\u00e2n, t\u1ef1 v\u1ec7 c\u00e1 nh\u00e2n trong c\u00e1c t\u00ecnh hu\u1ed1ng nguy hi\u1ec3m\" \/>\n<meta property=\"og:url\" content=\"https:\/\/dotuvechinhhang.vn\/?product=binh-xit-hoi-cay-nato-20ml\" \/>\n<meta property=\"og:site_name\" content=\"Baton - Ch\u00edch \u0110i\u1ec7n - X\u1ecbt Cay ch\u00ednh h\u00e3ng\" \/>\n<meta property=\"og:image\" content=\"https:\/\/dotuvechinhhang.vn\/wp-content\/uploads\/2026\/02\/z7280021740781_af2906d899edb0e979a2fa8e82326aef-300x300-1.jpg\" \/>\n\t<meta property=\"og:image:width\" content=\"300\" \/>\n\t<meta property=\"og:image:height\" content=\"300\" \/>\n\t<meta property=\"og:image:type\" content=\"image\/jpeg\" \/>\n<meta name=\"twitter:card\" content=\"summary_large_image\" \/>\n<meta name=\"twitter:label1\" content=\"\u01af\u1edbc t\u00ednh th\u1eddi gian \u0111\u1ecdc\" \/>\n\t<meta name=\"twitter:data1\" content=\"3 ph\u00fat\" \/>\n<script type=\"application\/ld+json\" class=\"yoast-schema-graph\">{\"@context\":\"https:\/\/schema.org\",\"@graph\":[{\"@type\":\"WebPage\",\"@id\":\"https:\/\/dotuvechinhhang.vn\/?product=binh-xit-hoi-cay-nato-20ml\",\"url\":\"https:\/\/dotuvechinhhang.vn\/?product=binh-xit-hoi-cay-nato-20ml\",\"name\":\"B\u00ecnh x\u1ecbt h\u01a1i cay Nato 20ml - Baton - Ch\u00edch \u0110i\u1ec7n - X\u1ecbt Cay ch\u00ednh h\u00e3ng\",\"isPartOf\":{\"@id\":\"https:\/\/dotuvechinhhang.vn\/#website\"},\"primaryImageOfPage\":{\"@id\":\"https:\/\/dotuvechinhhang.vn\/?product=binh-xit-hoi-cay-nato-20ml#primaryimage\"},\"image\":{\"@id\":\"https:\/\/dotuvechinhhang.vn\/?product=binh-xit-hoi-cay-nato-20ml#primaryimage\"},\"thumbnailUrl\":\"https:\/\/dotuvechinhhang.vn\/wp-content\/uploads\/2026\/02\/z7280021740781_af2906d899edb0e979a2fa8e82326aef-300x300-1.jpg\",\"datePublished\":\"2026-02-23T03:54:23+00:00\",\"description\":\"\ud83e\uddef B\u00ecnh x\u1ecbt h\u01a1i cay NATO 20 ml \u2014 T\u1ed5ng quan s\u1ea3n ph\u1ea9mT\u00ean s\u1ea3n ph\u1ea9m: B\u00ecnh x\u1ecbt h\u01a1i cay NATO 20 mlLo\u1ea1i: X\u1ecbt h\u01a1i cay t\u1ef1 v\u1ec7 c\u1ea7m tayDung t\u00edch: ~20 mlM\u1ee5c \u0111\u00edch: Ph\u00f2ng th\u00e2n, t\u1ef1 v\u1ec7 c\u00e1 nh\u00e2n trong c\u00e1c t\u00ecnh hu\u1ed1ng nguy hi\u1ec3m\",\"breadcrumb\":{\"@id\":\"https:\/\/dotuvechinhhang.vn\/?product=binh-xit-hoi-cay-nato-20ml#breadcrumb\"},\"inLanguage\":\"vi\",\"potentialAction\":[{\"@type\":\"ReadAction\",\"target\":[\"https:\/\/dotuvechinhhang.vn\/?product=binh-xit-hoi-cay-nato-20ml\"]}]},{\"@type\":\"ImageObject\",\"inLanguage\":\"vi\",\"@id\":\"https:\/\/dotuvechinhhang.vn\/?product=binh-xit-hoi-cay-nato-20ml#primaryimage\",\"url\":\"https:\/\/dotuvechinhhang.vn\/wp-content\/uploads\/2026\/02\/z7280021740781_af2906d899edb0e979a2fa8e82326aef-300x300-1.jpg\",\"contentUrl\":\"https:\/\/dotuvechinhhang.vn\/wp-content\/uploads\/2026\/02\/z7280021740781_af2906d899edb0e979a2fa8e82326aef-300x300-1.jpg\",\"width\":300,\"height\":300},{\"@type\":\"BreadcrumbList\",\"@id\":\"https:\/\/dotuvechinhhang.vn\/?product=binh-xit-hoi-cay-nato-20ml#breadcrumb\",\"itemListElement\":[{\"@type\":\"ListItem\",\"position\":1,\"name\":\"Trang ch\u1ee7\",\"item\":\"https:\/\/dotuvechinhhang.vn\/\"},{\"@type\":\"ListItem\",\"position\":2,\"name\":\"S\u1ea3n ph\u1ea9m\",\"item\":\"https:\/\/dotuvechinhhang.vn\/?post_type=product\"},{\"@type\":\"ListItem\",\"position\":3,\"name\":\"B\u00ecnh x\u1ecbt h\u01a1i cay Nato 20ml\"}]},{\"@type\":\"WebSite\",\"@id\":\"https:\/\/dotuvechinhhang.vn\/#website\",\"url\":\"https:\/\/dotuvechinhhang.vn\/\",\"name\":\"Baton - Ch\u00edch \u0110i\u1ec7n - X\u1ecbt Cay ch\u00ednh h\u00e3ng\",\"description\":\"\",\"potentialAction\":[{\"@type\":\"SearchAction\",\"target\":{\"@type\":\"EntryPoint\",\"urlTemplate\":\"https:\/\/dotuvechinhhang.vn\/?s={search_term_string}\"},\"query-input\":{\"@type\":\"PropertyValueSpecification\",\"valueRequired\":true,\"valueName\":\"search_term_string\"}}],\"inLanguage\":\"vi\"}]}<\/script>\n<!-- \/ Yoast SEO plugin. -->","yoast_head_json":{"title":"B\u00ecnh x\u1ecbt h\u01a1i cay Nato 20ml - Baton - Ch\u00edch \u0110i\u1ec7n - X\u1ecbt Cay ch\u00ednh h\u00e3ng","description":"\ud83e\uddef B\u00ecnh x\u1ecbt h\u01a1i cay NATO 20 ml \u2014 T\u1ed5ng quan s\u1ea3n ph\u1ea9mT\u00ean s\u1ea3n ph\u1ea9m: B\u00ecnh x\u1ecbt h\u01a1i cay NATO 20 mlLo\u1ea1i: X\u1ecbt h\u01a1i cay t\u1ef1 v\u1ec7 c\u1ea7m tayDung t\u00edch: ~20 mlM\u1ee5c \u0111\u00edch: Ph\u00f2ng th\u00e2n, t\u1ef1 v\u1ec7 c\u00e1 nh\u00e2n trong c\u00e1c t\u00ecnh hu\u1ed1ng nguy hi\u1ec3m","robots":{"index":"index","follow":"follow","max-snippet":"max-snippet:-1","max-image-preview":"max-image-preview:large","max-video-preview":"max-video-preview:-1"},"canonical":"https:\/\/dotuvechinhhang.vn\/?product=binh-xit-hoi-cay-nato-20ml","og_locale":"vi_VN","og_type":"article","og_title":"B\u00ecnh x\u1ecbt h\u01a1i cay Nato 20ml - Baton - Ch\u00edch \u0110i\u1ec7n - X\u1ecbt Cay ch\u00ednh h\u00e3ng","og_description":"\ud83e\uddef B\u00ecnh x\u1ecbt h\u01a1i cay NATO 20 ml \u2014 T\u1ed5ng quan s\u1ea3n ph\u1ea9mT\u00ean s\u1ea3n ph\u1ea9m: B\u00ecnh x\u1ecbt h\u01a1i cay NATO 20 mlLo\u1ea1i: X\u1ecbt h\u01a1i cay t\u1ef1 v\u1ec7 c\u1ea7m tayDung t\u00edch: ~20 mlM\u1ee5c \u0111\u00edch: Ph\u00f2ng th\u00e2n, t\u1ef1 v\u1ec7 c\u00e1 nh\u00e2n trong c\u00e1c t\u00ecnh hu\u1ed1ng nguy hi\u1ec3m","og_url":"https:\/\/dotuvechinhhang.vn\/?product=binh-xit-hoi-cay-nato-20ml","og_site_name":"Baton - Ch\u00edch \u0110i\u1ec7n - X\u1ecbt Cay ch\u00ednh h\u00e3ng","og_image":[{"width":300,"height":300,"url":"https:\/\/dotuvechinhhang.vn\/wp-content\/uploads\/2026\/02\/z7280021740781_af2906d899edb0e979a2fa8e82326aef-300x300-1.jpg","type":"image\/jpeg"}],"twitter_card":"summary_large_image","twitter_misc":{"\u01af\u1edbc t\u00ednh th\u1eddi gian \u0111\u1ecdc":"3 ph\u00fat"},"schema":{"@context":"https:\/\/schema.org","@graph":[{"@type":"WebPage","@id":"https:\/\/dotuvechinhhang.vn\/?product=binh-xit-hoi-cay-nato-20ml","url":"https:\/\/dotuvechinhhang.vn\/?product=binh-xit-hoi-cay-nato-20ml","name":"B\u00ecnh x\u1ecbt h\u01a1i cay Nato 20ml - Baton - Ch\u00edch \u0110i\u1ec7n - X\u1ecbt Cay ch\u00ednh h\u00e3ng","isPartOf":{"@id":"https:\/\/dotuvechinhhang.vn\/#website"},"primaryImageOfPage":{"@id":"https:\/\/dotuvechinhhang.vn\/?product=binh-xit-hoi-cay-nato-20ml#primaryimage"},"image":{"@id":"https:\/\/dotuvechinhhang.vn\/?product=binh-xit-hoi-cay-nato-20ml#primaryimage"},"thumbnailUrl":"https:\/\/dotuvechinhhang.vn\/wp-content\/uploads\/2026\/02\/z7280021740781_af2906d899edb0e979a2fa8e82326aef-300x300-1.jpg","datePublished":"2026-02-23T03:54:23+00:00","description":"\ud83e\uddef B\u00ecnh x\u1ecbt h\u01a1i cay NATO 20 ml \u2014 T\u1ed5ng quan s\u1ea3n ph\u1ea9mT\u00ean s\u1ea3n ph\u1ea9m: B\u00ecnh x\u1ecbt h\u01a1i cay NATO 20 mlLo\u1ea1i: X\u1ecbt h\u01a1i cay t\u1ef1 v\u1ec7 c\u1ea7m tayDung t\u00edch: ~20 mlM\u1ee5c \u0111\u00edch: Ph\u00f2ng th\u00e2n, t\u1ef1 v\u1ec7 c\u00e1 nh\u00e2n trong c\u00e1c t\u00ecnh hu\u1ed1ng nguy hi\u1ec3m","breadcrumb":{"@id":"https:\/\/dotuvechinhhang.vn\/?product=binh-xit-hoi-cay-nato-20ml#breadcrumb"},"inLanguage":"vi","potentialAction":[{"@type":"ReadAction","target":["https:\/\/dotuvechinhhang.vn\/?product=binh-xit-hoi-cay-nato-20ml"]}]},{"@type":"ImageObject","inLanguage":"vi","@id":"https:\/\/dotuvechinhhang.vn\/?product=binh-xit-hoi-cay-nato-20ml#primaryimage","url":"https:\/\/dotuvechinhhang.vn\/wp-content\/uploads\/2026\/02\/z7280021740781_af2906d899edb0e979a2fa8e82326aef-300x300-1.jpg","contentUrl":"https:\/\/dotuvechinhhang.vn\/wp-content\/uploads\/2026\/02\/z7280021740781_af2906d899edb0e979a2fa8e82326aef-300x300-1.jpg","width":300,"height":300},{"@type":"BreadcrumbList","@id":"https:\/\/dotuvechinhhang.vn\/?product=binh-xit-hoi-cay-nato-20ml#breadcrumb","itemListElement":[{"@type":"ListItem","position":1,"name":"Trang ch\u1ee7","item":"https:\/\/dotuvechinhhang.vn\/"},{"@type":"ListItem","position":2,"name":"S\u1ea3n ph\u1ea9m","item":"https:\/\/dotuvechinhhang.vn\/?post_type=product"},{"@type":"ListItem","position":3,"name":"B\u00ecnh x\u1ecbt h\u01a1i cay Nato 20ml"}]},{"@type":"WebSite","@id":"https:\/\/dotuvechinhhang.vn\/#website","url":"https:\/\/dotuvechinhhang.vn\/","name":"Baton - Ch\u00edch \u0110i\u1ec7n - X\u1ecbt Cay ch\u00ednh h\u00e3ng","description":"","potentialAction":[{"@type":"SearchAction","target":{"@type":"EntryPoint","urlTemplate":"https:\/\/dotuvechinhhang.vn\/?s={search_term_string}"},"query-input":{"@type":"PropertyValueSpecification","valueRequired":true,"valueName":"search_term_string"}}],"inLanguage":"vi"}]}},"_links":{"self":[{"href":"https:\/\/dotuvechinhhang.vn\/index.php?rest_route=\/wp\/v2\/product\/164","targetHints":{"allow":["GET"]}}],"collection":[{"href":"https:\/\/dotuvechinhhang.vn\/index.php?rest_route=\/wp\/v2\/product"}],"about":[{"href":"https:\/\/dotuvechinhhang.vn\/index.php?rest_route=\/wp\/v2\/types\/product"}],"wp:featuredmedia":[{"embeddable":true,"href":"https:\/\/dotuvechinhhang.vn\/index.php?rest_route=\/wp\/v2\/media\/167"}],"wp:attachment":[{"href":"https:\/\/dotuvechinhhang.vn\/index.php?rest_route=%2Fwp%2Fv2%2Fmedia&parent=164"}],"wp:term":[{"taxonomy":"product_brand","embeddable":true,"href":"https:\/\/dotuvechinhhang.vn\/index.php?rest_route=%2Fwp%2Fv2%2Fproduct_brand&post=164"},{"taxonomy":"product_cat","embeddable":true,"href":"https:\/\/dotuvechinhhang.vn\/index.php?rest_route=%2Fwp%2Fv2%2Fproduct_cat&post=164"},{"taxonomy":"product_tag","embeddable":true,"href":"https:\/\/dotuvechinhhang.vn\/index.php?rest_route=%2Fwp%2Fv2%2Fproduct_tag&post=164"}],"curies":[{"name":"wp","href":"https:\/\/api.w.org\/{rel}","templated":true}]}}