{"id":112,"date":"2026-02-23T10:11:27","date_gmt":"2026-02-23T03:11:27","guid":{"rendered":"https:\/\/dotuvechinhhang.vn\/?post_type=product&#038;p=112"},"modified":"2026-02-23T10:11:54","modified_gmt":"2026-02-23T03:11:54","slug":"baton-asp-511-mau-den","status":"publish","type":"product","link":"https:\/\/dotuvechinhhang.vn\/?product=baton-asp-511-mau-den","title":{"rendered":"Baton ASP 511 m\u00e0u \u0111en"},"content":{"rendered":"<h2><strong>1. Th\u00f4ng tin s\u1ea3n ph\u1ea9m Baton ASP M\u00c0U \u0110EN<\/strong><\/h2>\n<h2>\u2013 T\u00ean s\u1ea3n ph\u1ea9m: Baton ASP M\u00c0U \u0110EN<br \/>\n\u2013 Ch\u1ea5t li\u1ec7u: H\u1ee3p kim th\u00e9p<br \/>\n\u2013 Th\u01b0\u01a1ng hi\u1ec7u: \u0110\u1ea1i b\u00e0ng<br \/>\n\u2013 N\u01a1i s\u1ea3n xu\u1ea5t: M\u1ef9<br \/>\n\u2013 M\u00e0u s\u1eafc: M\u00e0u x\u00e1m \u0111en<br \/>\n\u2013 Chi\u1ec1u d\u00e0i ban \u0111\u1ea7u: 26cm<br \/>\n\u2013 Chi\u1ec1u d\u00e0i khi s\u1eed d\u1ee5ng: 65cm<\/h2>\n<h2><strong>2. \u0110\u1eb7c \u0111i\u1ec3m c\u1ee7a g\u1eady Baton ASP 511<\/strong><\/h2>\n<p>\u0110\u01b0\u1ee3c s\u1ea3n xu\u1ea5t t\u1ea1i th\u01b0\u01a1ng hi\u1ec7u ASP n\u1ed5i ti\u1ebfng \u1edf Vi\u1ec7t Nam n\u00f3i ri\u00eang v\u00e0 tr\u00ean to\u00e0n th\u1ebf gi\u1edbi n\u00f3i chung, Baton ASP \u0111\u01b0\u1ee3c r\u1ea5t nhi\u1ec1u ng\u01b0\u1eddi ti\u00eau d\u00f9ng l\u1ef1a ch\u1ecdn. Ch\u00fang c\u00f3 nh\u1eefng \u0111\u1eb7c \u0111i\u1ec3m kh\u00e1c bi\u1ec7t n<\/p>\n<p><em><strong>M\u00e0u s\u1eafc b\u1eaft m\u1eaft<\/strong><\/em><br \/>\nBaton ASP 511 do dotuvequanghai.shop cung c\u1ea5p l\u00e0 lo\u1ea1i d\u1ee5ng c\u1ee5 \u0111\u01b0\u1ee3c l\u00e0m b\u1eb1ng ch\u1ea5t li\u1ec7u Baton h\u1ee3p kim th\u00e9p m\u00e0u v\u00e0ng \u00f3ng m\u01b0\u1ee3t, b\u1eaft m\u1eaft. Ch\u00ednh b\u1edfi v\u1ebb b\u1ec1 ngo\u00e0i b\u1eaft m\u1eaft m\u00e0 d\u1ee5ng c\u1ee5 n\u00e0y thu h\u00fat \u0111\u01b0\u1ee3c r\u1ea5t nhi\u1ec1u s\u1ef1 quan t\u00e2m t\u1eeb ph\u00eda ng\u01b0\u1eddi ti\u00eau d\u00f9ng.<\/p>\n<p><em><strong>C\u00e1c chi ti\u1ebft \u0111\u01b0\u1ee3c trau chu\u1ed1t t\u1ec9 m\u1ec9, c\u1ea9n th\u1eadn<\/strong><\/em><br \/>\nKh\u00e1c bi\u1ec7t ho\u00e0n to\u00e0n v\u1edbi c\u00e1c s\u1ea3n ph\u1ea9m, c\u00f4ng c\u1ee5 t\u1ef1 v\u1ec7 th\u00f4ng th\u01b0\u1eddng, c\u00e1n Baton ASP 511 \u0111\u01b0\u1ee3c b\u1ecdc m\u1ed9t l\u1edbp b\u1eb1ng ch\u1ea5t li\u1ec7u cao su t\u1ed5ng h\u1ee3p v\u00e2n m\u1eaft c\u00e1o. Ch\u1ea5t li\u1ec7u n\u00e0y gi\u00fap b\u1ea1n s\u1eed d\u1ee5ng g\u1eady d\u1ec5 d\u00e0ng h\u01a1n v\u00e0 l\u00e0m t\u0103ng th\u00eam \u0111\u1ed9 th\u1ea9m m\u1ef9 c\u1ee7a Baton ASP.<\/p>\n<p>&nbsp;<\/p>\n<p><em><strong>S\u1ea3n ph\u1ea9m ti\u1ec7n l\u1ee3i<\/strong><\/em><br \/>\nV\u1edbi chi\u1ec1u d\u00e0i thu g\u1ecdn ch\u1ec9 v\u1edbi 26cm, Baton ASP 511 l\u00e0 d\u1ee5ng c\u1ee5 c\u1ef1c ti\u1ec7n l\u1ee3i b\u1edfi k\u00edch th\u01b0\u1edbc nh\u1ecf g\u1ecdn, b\u1ea1n c\u00f3 th\u1ec3 d\u1ec5 d\u00e0ng mang \u0111i b\u1ea5t c\u1ee9 \u0111\u00e2u, th\u1eadm ch\u00ed b\u1ecf v\u00e0o balo, t\u00fai x\u00e1ch nh\u1ecf m\u00e0 kh\u00f4ng h\u1ec1 c\u1ea3m th\u1ea5y v\u01b0\u1edbng v\u00edu.<\/p>\n<p>Baton ASP Black l\u00e0 d\u1ee5ng c\u1ee5 ph\u00f2ng th\u00e2n r\u1ea5t ti\u1ec7n l\u1ee3i gi\u00fap b\u1ea1n gi\u1ea3m b\u1ea5t tr\u1eafc v\u00e0 b\u1ea3o v\u1ec7 b\u1ea3n th\u00e2n m\u00ecnh \u1edf b\u1ea5t c\u1ee9 \u0111\u00e2u, \u0111\u1eb7c bi\u1ec7t l\u00e0 trong nh\u1eefng chuy\u1ebfn \u0111i xa hay nh\u1eefng h\u00f4m \u0111i m\u1ed9t m\u00ecnh t\u1ea1i \u0111o\u1ea1n \u0111\u01b0\u1eddng v\u1eafng.<\/p>\n","protected":false},"excerpt":{"rendered":"<p>\u2705 Mi\u1ec5n ship to\u00e0n qu\u1ed1c<br \/>\n\u2705 Nh\u1eadn h\u00e0ng ki\u1ec3m tra thanh to\u00e1n<br \/>\n\u2705B\u1ea3o h\u00e0nh 1 th\u00e1ng l\u1ed7i 1 \u0111\u1ed5i 1<\/p>\n","protected":false},"featured_media":113,"template":"","meta":[],"product_brand":[],"product_cat":[20,23],"product_tag":[],"class_list":{"0":"post-112","1":"product","2":"type-product","3":"status-publish","4":"has-post-thumbnail","6":"product_cat-baton","7":"product_cat-baton-asp","9":"first","10":"instock","11":"shipping-taxable","12":"purchasable","13":"product-type-simple"},"yoast_head":"<!-- This site is optimized with the Yoast SEO plugin v27.0 - https:\/\/yoast.com\/product\/yoast-seo-wordpress\/ -->\n<title>Baton ASP 511 m\u00e0u \u0111en - Baton - Ch\u00edch \u0110i\u1ec7n - X\u1ecbt Cay ch\u00ednh h\u00e3ng<\/title>\n<meta name=\"description\" content=\"1. Th\u00f4ng tin s\u1ea3n ph\u1ea9m Baton ASP BLACK\u2013 T\u00ean s\u1ea3n ph\u1ea9m: Baton ASP BLACK\u2013 Ch\u1ea5t li\u1ec7u: H\u1ee3p kim th\u00e9p\u2013 Th\u01b0\u01a1ng hi\u1ec7u: \u0110\u1ea1i b\u00e0ng\u2013 N\u01a1i s\u1ea3n xu\u1ea5t: M\u1ef9\u2013 M\u00e0u s\u1eafc: M\u00e0u x\u00e1m \u0111en\u2013 Chi\u1ec1u d\u00e0i ban \u0111\u1ea7u: 26cm\u2013 Chi\u1ec1u d\u00e0i khi s\u1eed d\u1ee5ng: 65cm\" \/>\n<meta name=\"robots\" content=\"index, follow, max-snippet:-1, max-image-preview:large, max-video-preview:-1\" \/>\n<link rel=\"canonical\" href=\"https:\/\/dotuvechinhhang.vn\/?product=baton-asp-511-mau-den\" \/>\n<meta property=\"og:locale\" content=\"vi_VN\" \/>\n<meta property=\"og:type\" content=\"article\" \/>\n<meta property=\"og:title\" content=\"Baton ASP 511 m\u00e0u \u0111en - Baton - Ch\u00edch \u0110i\u1ec7n - X\u1ecbt Cay ch\u00ednh h\u00e3ng\" \/>\n<meta property=\"og:description\" content=\"1. Th\u00f4ng tin s\u1ea3n ph\u1ea9m Baton ASP BLACK\u2013 T\u00ean s\u1ea3n ph\u1ea9m: Baton ASP BLACK\u2013 Ch\u1ea5t li\u1ec7u: H\u1ee3p kim th\u00e9p\u2013 Th\u01b0\u01a1ng hi\u1ec7u: \u0110\u1ea1i b\u00e0ng\u2013 N\u01a1i s\u1ea3n xu\u1ea5t: M\u1ef9\u2013 M\u00e0u s\u1eafc: M\u00e0u x\u00e1m \u0111en\u2013 Chi\u1ec1u d\u00e0i ban \u0111\u1ea7u: 26cm\u2013 Chi\u1ec1u d\u00e0i khi s\u1eed d\u1ee5ng: 65cm\" \/>\n<meta property=\"og:url\" content=\"https:\/\/dotuvechinhhang.vn\/?product=baton-asp-511-mau-den\" \/>\n<meta property=\"og:site_name\" content=\"Baton - Ch\u00edch \u0110i\u1ec7n - X\u1ecbt Cay ch\u00ednh h\u00e3ng\" \/>\n<meta property=\"article:modified_time\" content=\"2026-02-23T03:11:54+00:00\" \/>\n<meta property=\"og:image\" content=\"https:\/\/dotuvechinhhang.vn\/wp-content\/uploads\/2026\/02\/z6541169009133_c1764679f5e02060a8db7f4025362710-scaled.jpg\" \/>\n\t<meta property=\"og:image:width\" content=\"2560\" \/>\n\t<meta property=\"og:image:height\" content=\"2560\" \/>\n\t<meta property=\"og:image:type\" content=\"image\/jpeg\" \/>\n<meta name=\"twitter:card\" content=\"summary_large_image\" \/>\n<meta name=\"twitter:label1\" content=\"\u01af\u1edbc t\u00ednh th\u1eddi gian \u0111\u1ecdc\" \/>\n\t<meta name=\"twitter:data1\" content=\"2 ph\u00fat\" \/>\n<script type=\"application\/ld+json\" class=\"yoast-schema-graph\">{\"@context\":\"https:\/\/schema.org\",\"@graph\":[{\"@type\":\"WebPage\",\"@id\":\"https:\/\/dotuvechinhhang.vn\/?product=baton-asp-511-mau-den\",\"url\":\"https:\/\/dotuvechinhhang.vn\/?product=baton-asp-511-mau-den\",\"name\":\"Baton ASP 511 m\u00e0u \u0111en - Baton - Ch\u00edch \u0110i\u1ec7n - X\u1ecbt Cay ch\u00ednh h\u00e3ng\",\"isPartOf\":{\"@id\":\"https:\/\/dotuvechinhhang.vn\/#website\"},\"primaryImageOfPage\":{\"@id\":\"https:\/\/dotuvechinhhang.vn\/?product=baton-asp-511-mau-den#primaryimage\"},\"image\":{\"@id\":\"https:\/\/dotuvechinhhang.vn\/?product=baton-asp-511-mau-den#primaryimage\"},\"thumbnailUrl\":\"https:\/\/dotuvechinhhang.vn\/wp-content\/uploads\/2026\/02\/z6541169009133_c1764679f5e02060a8db7f4025362710-scaled.jpg\",\"datePublished\":\"2026-02-23T03:11:27+00:00\",\"dateModified\":\"2026-02-23T03:11:54+00:00\",\"description\":\"1. Th\u00f4ng tin s\u1ea3n ph\u1ea9m Baton ASP BLACK\u2013 T\u00ean s\u1ea3n ph\u1ea9m: Baton ASP BLACK\u2013 Ch\u1ea5t li\u1ec7u: H\u1ee3p kim th\u00e9p\u2013 Th\u01b0\u01a1ng hi\u1ec7u: \u0110\u1ea1i b\u00e0ng\u2013 N\u01a1i s\u1ea3n xu\u1ea5t: M\u1ef9\u2013 M\u00e0u s\u1eafc: M\u00e0u x\u00e1m \u0111en\u2013 Chi\u1ec1u d\u00e0i ban \u0111\u1ea7u: 26cm\u2013 Chi\u1ec1u d\u00e0i khi s\u1eed d\u1ee5ng: 65cm\",\"breadcrumb\":{\"@id\":\"https:\/\/dotuvechinhhang.vn\/?product=baton-asp-511-mau-den#breadcrumb\"},\"inLanguage\":\"vi\",\"potentialAction\":[{\"@type\":\"ReadAction\",\"target\":[\"https:\/\/dotuvechinhhang.vn\/?product=baton-asp-511-mau-den\"]}]},{\"@type\":\"ImageObject\",\"inLanguage\":\"vi\",\"@id\":\"https:\/\/dotuvechinhhang.vn\/?product=baton-asp-511-mau-den#primaryimage\",\"url\":\"https:\/\/dotuvechinhhang.vn\/wp-content\/uploads\/2026\/02\/z6541169009133_c1764679f5e02060a8db7f4025362710-scaled.jpg\",\"contentUrl\":\"https:\/\/dotuvechinhhang.vn\/wp-content\/uploads\/2026\/02\/z6541169009133_c1764679f5e02060a8db7f4025362710-scaled.jpg\",\"width\":2560,\"height\":2560},{\"@type\":\"BreadcrumbList\",\"@id\":\"https:\/\/dotuvechinhhang.vn\/?product=baton-asp-511-mau-den#breadcrumb\",\"itemListElement\":[{\"@type\":\"ListItem\",\"position\":1,\"name\":\"Trang ch\u1ee7\",\"item\":\"https:\/\/dotuvechinhhang.vn\/\"},{\"@type\":\"ListItem\",\"position\":2,\"name\":\"S\u1ea3n ph\u1ea9m\",\"item\":\"https:\/\/dotuvechinhhang.vn\/?post_type=product\"},{\"@type\":\"ListItem\",\"position\":3,\"name\":\"Baton ASP 511 m\u00e0u \u0111en\"}]},{\"@type\":\"WebSite\",\"@id\":\"https:\/\/dotuvechinhhang.vn\/#website\",\"url\":\"https:\/\/dotuvechinhhang.vn\/\",\"name\":\"Baton - Ch\u00edch \u0110i\u1ec7n - X\u1ecbt Cay ch\u00ednh h\u00e3ng\",\"description\":\"\",\"potentialAction\":[{\"@type\":\"SearchAction\",\"target\":{\"@type\":\"EntryPoint\",\"urlTemplate\":\"https:\/\/dotuvechinhhang.vn\/?s={search_term_string}\"},\"query-input\":{\"@type\":\"PropertyValueSpecification\",\"valueRequired\":true,\"valueName\":\"search_term_string\"}}],\"inLanguage\":\"vi\"}]}<\/script>\n<!-- \/ Yoast SEO plugin. -->","yoast_head_json":{"title":"Baton ASP 511 m\u00e0u \u0111en - Baton - Ch\u00edch \u0110i\u1ec7n - X\u1ecbt Cay ch\u00ednh h\u00e3ng","description":"1. Th\u00f4ng tin s\u1ea3n ph\u1ea9m Baton ASP BLACK\u2013 T\u00ean s\u1ea3n ph\u1ea9m: Baton ASP BLACK\u2013 Ch\u1ea5t li\u1ec7u: H\u1ee3p kim th\u00e9p\u2013 Th\u01b0\u01a1ng hi\u1ec7u: \u0110\u1ea1i b\u00e0ng\u2013 N\u01a1i s\u1ea3n xu\u1ea5t: M\u1ef9\u2013 M\u00e0u s\u1eafc: M\u00e0u x\u00e1m \u0111en\u2013 Chi\u1ec1u d\u00e0i ban \u0111\u1ea7u: 26cm\u2013 Chi\u1ec1u d\u00e0i khi s\u1eed d\u1ee5ng: 65cm","robots":{"index":"index","follow":"follow","max-snippet":"max-snippet:-1","max-image-preview":"max-image-preview:large","max-video-preview":"max-video-preview:-1"},"canonical":"https:\/\/dotuvechinhhang.vn\/?product=baton-asp-511-mau-den","og_locale":"vi_VN","og_type":"article","og_title":"Baton ASP 511 m\u00e0u \u0111en - Baton - Ch\u00edch \u0110i\u1ec7n - X\u1ecbt Cay ch\u00ednh h\u00e3ng","og_description":"1. Th\u00f4ng tin s\u1ea3n ph\u1ea9m Baton ASP BLACK\u2013 T\u00ean s\u1ea3n ph\u1ea9m: Baton ASP BLACK\u2013 Ch\u1ea5t li\u1ec7u: H\u1ee3p kim th\u00e9p\u2013 Th\u01b0\u01a1ng hi\u1ec7u: \u0110\u1ea1i b\u00e0ng\u2013 N\u01a1i s\u1ea3n xu\u1ea5t: M\u1ef9\u2013 M\u00e0u s\u1eafc: M\u00e0u x\u00e1m \u0111en\u2013 Chi\u1ec1u d\u00e0i ban \u0111\u1ea7u: 26cm\u2013 Chi\u1ec1u d\u00e0i khi s\u1eed d\u1ee5ng: 65cm","og_url":"https:\/\/dotuvechinhhang.vn\/?product=baton-asp-511-mau-den","og_site_name":"Baton - Ch\u00edch \u0110i\u1ec7n - X\u1ecbt Cay ch\u00ednh h\u00e3ng","article_modified_time":"2026-02-23T03:11:54+00:00","og_image":[{"width":2560,"height":2560,"url":"https:\/\/dotuvechinhhang.vn\/wp-content\/uploads\/2026\/02\/z6541169009133_c1764679f5e02060a8db7f4025362710-scaled.jpg","type":"image\/jpeg"}],"twitter_card":"summary_large_image","twitter_misc":{"\u01af\u1edbc t\u00ednh th\u1eddi gian \u0111\u1ecdc":"2 ph\u00fat"},"schema":{"@context":"https:\/\/schema.org","@graph":[{"@type":"WebPage","@id":"https:\/\/dotuvechinhhang.vn\/?product=baton-asp-511-mau-den","url":"https:\/\/dotuvechinhhang.vn\/?product=baton-asp-511-mau-den","name":"Baton ASP 511 m\u00e0u \u0111en - Baton - Ch\u00edch \u0110i\u1ec7n - X\u1ecbt Cay ch\u00ednh h\u00e3ng","isPartOf":{"@id":"https:\/\/dotuvechinhhang.vn\/#website"},"primaryImageOfPage":{"@id":"https:\/\/dotuvechinhhang.vn\/?product=baton-asp-511-mau-den#primaryimage"},"image":{"@id":"https:\/\/dotuvechinhhang.vn\/?product=baton-asp-511-mau-den#primaryimage"},"thumbnailUrl":"https:\/\/dotuvechinhhang.vn\/wp-content\/uploads\/2026\/02\/z6541169009133_c1764679f5e02060a8db7f4025362710-scaled.jpg","datePublished":"2026-02-23T03:11:27+00:00","dateModified":"2026-02-23T03:11:54+00:00","description":"1. Th\u00f4ng tin s\u1ea3n ph\u1ea9m Baton ASP BLACK\u2013 T\u00ean s\u1ea3n ph\u1ea9m: Baton ASP BLACK\u2013 Ch\u1ea5t li\u1ec7u: H\u1ee3p kim th\u00e9p\u2013 Th\u01b0\u01a1ng hi\u1ec7u: \u0110\u1ea1i b\u00e0ng\u2013 N\u01a1i s\u1ea3n xu\u1ea5t: M\u1ef9\u2013 M\u00e0u s\u1eafc: M\u00e0u x\u00e1m \u0111en\u2013 Chi\u1ec1u d\u00e0i ban \u0111\u1ea7u: 26cm\u2013 Chi\u1ec1u d\u00e0i khi s\u1eed d\u1ee5ng: 65cm","breadcrumb":{"@id":"https:\/\/dotuvechinhhang.vn\/?product=baton-asp-511-mau-den#breadcrumb"},"inLanguage":"vi","potentialAction":[{"@type":"ReadAction","target":["https:\/\/dotuvechinhhang.vn\/?product=baton-asp-511-mau-den"]}]},{"@type":"ImageObject","inLanguage":"vi","@id":"https:\/\/dotuvechinhhang.vn\/?product=baton-asp-511-mau-den#primaryimage","url":"https:\/\/dotuvechinhhang.vn\/wp-content\/uploads\/2026\/02\/z6541169009133_c1764679f5e02060a8db7f4025362710-scaled.jpg","contentUrl":"https:\/\/dotuvechinhhang.vn\/wp-content\/uploads\/2026\/02\/z6541169009133_c1764679f5e02060a8db7f4025362710-scaled.jpg","width":2560,"height":2560},{"@type":"BreadcrumbList","@id":"https:\/\/dotuvechinhhang.vn\/?product=baton-asp-511-mau-den#breadcrumb","itemListElement":[{"@type":"ListItem","position":1,"name":"Trang ch\u1ee7","item":"https:\/\/dotuvechinhhang.vn\/"},{"@type":"ListItem","position":2,"name":"S\u1ea3n ph\u1ea9m","item":"https:\/\/dotuvechinhhang.vn\/?post_type=product"},{"@type":"ListItem","position":3,"name":"Baton ASP 511 m\u00e0u \u0111en"}]},{"@type":"WebSite","@id":"https:\/\/dotuvechinhhang.vn\/#website","url":"https:\/\/dotuvechinhhang.vn\/","name":"Baton - Ch\u00edch \u0110i\u1ec7n - X\u1ecbt Cay ch\u00ednh h\u00e3ng","description":"","potentialAction":[{"@type":"SearchAction","target":{"@type":"EntryPoint","urlTemplate":"https:\/\/dotuvechinhhang.vn\/?s={search_term_string}"},"query-input":{"@type":"PropertyValueSpecification","valueRequired":true,"valueName":"search_term_string"}}],"inLanguage":"vi"}]}},"_links":{"self":[{"href":"https:\/\/dotuvechinhhang.vn\/index.php?rest_route=\/wp\/v2\/product\/112","targetHints":{"allow":["GET"]}}],"collection":[{"href":"https:\/\/dotuvechinhhang.vn\/index.php?rest_route=\/wp\/v2\/product"}],"about":[{"href":"https:\/\/dotuvechinhhang.vn\/index.php?rest_route=\/wp\/v2\/types\/product"}],"wp:featuredmedia":[{"embeddable":true,"href":"https:\/\/dotuvechinhhang.vn\/index.php?rest_route=\/wp\/v2\/media\/113"}],"wp:attachment":[{"href":"https:\/\/dotuvechinhhang.vn\/index.php?rest_route=%2Fwp%2Fv2%2Fmedia&parent=112"}],"wp:term":[{"taxonomy":"product_brand","embeddable":true,"href":"https:\/\/dotuvechinhhang.vn\/index.php?rest_route=%2Fwp%2Fv2%2Fproduct_brand&post=112"},{"taxonomy":"product_cat","embeddable":true,"href":"https:\/\/dotuvechinhhang.vn\/index.php?rest_route=%2Fwp%2Fv2%2Fproduct_cat&post=112"},{"taxonomy":"product_tag","embeddable":true,"href":"https:\/\/dotuvechinhhang.vn\/index.php?rest_route=%2Fwp%2Fv2%2Fproduct_tag&post=112"}],"curies":[{"name":"wp","href":"https:\/\/api.w.org\/{rel}","templated":true}]}}